{"id":20030,"date":"2020-07-11T13:56:11","date_gmt":"2020-07-11T12:56:11","guid":{"rendered":"http:\/\/montreux-vieux.net\/?page_id=20030"},"modified":"2020-07-11T15:02:14","modified_gmt":"2020-07-11T14:02:14","slug":"un-voleur-remis-a-la-gendarmerie-allemande-a-montreux-vieux","status":"publish","type":"page","link":"https:\/\/montreux-vieux.net\/?page_id=20030","title":{"rendered":"Un voleur remis \u00e0 la gendarmerie allemande \u00e0 Montreux-Vieux"},"content":{"rendered":"\n<p>Montreux-Vieux. \u2014 Samedi apr\u00e8s midi, la police fran\u00e7aise a remis \u00e0 la gendarmerie allemande un jeune homme fig\u00e9 d\u2019une vingtaine d\u2019ann\u00e9es, ancien apprenti chez un n\u00e9gociant de Nuremberg qui avait vol\u00e9 \u00e0 son patron une somme de 80,000 m., dont 1000 m. en esp\u00e8ces et le reste en obligations. Le voleur avait \u00e9t\u00e9 arr\u00eat\u00e9 \u00e0 Paris, et on avait trouv\u00e9 chez lut presque tout l\u2019argent vol\u00e9. Il sera conduit \u00e0 Nuremberg<\/p>\n\n\n\n<p>Sources&nbsp;: Express 14 octobre 1886<\/p>\n","protected":false},"excerpt":{"rendered":"<p>Montreux-Vieux. \u2014 Samedi apr\u00e8s midi, la police fran\u00e7aise a remis \u00e0 la gendarmerie allemande un jeune homme fig\u00e9 d\u2019une vingtaine d\u2019ann\u00e9es, ancien apprenti chez un n\u00e9gociant de Nuremberg qui avait vol\u00e9 \u00e0 son patron une somme de 80,000 m., dont &hellip; <a href=\"https:\/\/montreux-vieux.net\/?page_id=20030\">Continuer la lecture <span class=\"meta-nav\">&rarr;<\/span><\/a><\/p>\n","protected":false},"author":1,"featured_media":0,"parent":13044,"menu_order":375,"comment_status":"closed","ping_status":"open","template":"","meta":{"footnotes":""},"class_list":["post-20030","page","type-page","status-publish","hentry"],"_links":{"self":[{"href":"https:\/\/montreux-vieux.net\/index.php?rest_route=\/wp\/v2\/pages\/20030","targetHints":{"allow":["GET"]}}],"collection":[{"href":"https:\/\/montreux-vieux.net\/index.php?rest_route=\/wp\/v2\/pages"}],"about":[{"href":"https:\/\/montreux-vieux.net\/index.php?rest_route=\/wp\/v2\/types\/page"}],"author":[{"embeddable":true,"href":"https:\/\/montreux-vieux.net\/index.php?rest_route=\/wp\/v2\/users\/1"}],"replies":[{"embeddable":true,"href":"https:\/\/montreux-vieux.net\/index.php?rest_route=%2Fwp%2Fv2%2Fcomments&post=20030"}],"version-history":[{"count":1,"href":"https:\/\/montreux-vieux.net\/index.php?rest_route=\/wp\/v2\/pages\/20030\/revisions"}],"predecessor-version":[{"id":20031,"href":"https:\/\/montreux-vieux.net\/index.php?rest_route=\/wp\/v2\/pages\/20030\/revisions\/20031"}],"up":[{"embeddable":true,"href":"https:\/\/montreux-vieux.net\/index.php?rest_route=\/wp\/v2\/pages\/13044"}],"wp:attachment":[{"href":"https:\/\/montreux-vieux.net\/index.php?rest_route=%2Fwp%2Fv2%2Fmedia&parent=20030"}],"curies":[{"name":"wp","href":"https:\/\/api.w.org\/{rel}","templated":true}]}}