{"id":20033,"date":"2020-07-11T14:06:35","date_gmt":"2020-07-11T13:06:35","guid":{"rendered":"http:\/\/montreux-vieux.net\/?page_id=20033"},"modified":"2020-07-11T14:06:35","modified_gmt":"2020-07-11T13:06:35","slug":"arrete-comme-espion","status":"publish","type":"page","link":"https:\/\/montreux-vieux.net\/?page_id=20033","title":{"rendered":"Arr\u00eat\u00e9 comme espion"},"content":{"rendered":"\n<p>Un ouvrier de Strasbourg, du nom de Lechmer, qui avait franchi la fronti\u00e8re fran\u00e7aise \u00e0 travers champs, pr\u00e8s de Montreux-Vieux, le lundi de la Pentec\u00f4te, avait \u00e9t\u00e9 arr\u00eat\u00e9 et conduit par la gendarmerie \u00e0 Belfort, o\u00f9 il fut gard\u00e9 en prison pendant plusieurs jours et rel\u00e2ch\u00e9 seulement le jeudi suivant. Rentr\u00e9 \u00e0 Strasbourg, il adressa une plainte au gouvernement allemand.<\/p>\n\n\n\n<p>La Post, de Strasbourg, soutient que cet individu a \u00e9t\u00e9 injustement arr\u00eat\u00e9 comme espion.<\/p>\n\n\n\n<p>Sources&nbsp;: Journal du Cher 20 juin 1889<\/p>\n","protected":false},"excerpt":{"rendered":"<p>Un ouvrier de Strasbourg, du nom de Lechmer, qui avait franchi la fronti\u00e8re fran\u00e7aise \u00e0 travers champs, pr\u00e8s de Montreux-Vieux, le lundi de la Pentec\u00f4te, avait \u00e9t\u00e9 arr\u00eat\u00e9 et conduit par la gendarmerie \u00e0 Belfort, o\u00f9 il fut gard\u00e9 en &hellip; <a href=\"https:\/\/montreux-vieux.net\/?page_id=20033\">Continuer la lecture <span class=\"meta-nav\">&rarr;<\/span><\/a><\/p>\n","protected":false},"author":1,"featured_media":0,"parent":13044,"menu_order":380,"comment_status":"closed","ping_status":"open","template":"","meta":{"footnotes":""},"class_list":["post-20033","page","type-page","status-publish","hentry"],"_links":{"self":[{"href":"https:\/\/montreux-vieux.net\/index.php?rest_route=\/wp\/v2\/pages\/20033","targetHints":{"allow":["GET"]}}],"collection":[{"href":"https:\/\/montreux-vieux.net\/index.php?rest_route=\/wp\/v2\/pages"}],"about":[{"href":"https:\/\/montreux-vieux.net\/index.php?rest_route=\/wp\/v2\/types\/page"}],"author":[{"embeddable":true,"href":"https:\/\/montreux-vieux.net\/index.php?rest_route=\/wp\/v2\/users\/1"}],"replies":[{"embeddable":true,"href":"https:\/\/montreux-vieux.net\/index.php?rest_route=%2Fwp%2Fv2%2Fcomments&post=20033"}],"version-history":[{"count":1,"href":"https:\/\/montreux-vieux.net\/index.php?rest_route=\/wp\/v2\/pages\/20033\/revisions"}],"predecessor-version":[{"id":20034,"href":"https:\/\/montreux-vieux.net\/index.php?rest_route=\/wp\/v2\/pages\/20033\/revisions\/20034"}],"up":[{"embeddable":true,"href":"https:\/\/montreux-vieux.net\/index.php?rest_route=\/wp\/v2\/pages\/13044"}],"wp:attachment":[{"href":"https:\/\/montreux-vieux.net\/index.php?rest_route=%2Fwp%2Fv2%2Fmedia&parent=20033"}],"curies":[{"name":"wp","href":"https:\/\/api.w.org\/{rel}","templated":true}]}}