{"id":20104,"date":"2020-07-14T16:29:51","date_gmt":"2020-07-14T15:29:51","guid":{"rendered":"http:\/\/montreux-vieux.net\/?page_id=20104"},"modified":"2024-03-29T10:50:15","modified_gmt":"2024-03-29T09:50:15","slug":"lhuissier-eugene-leifle-condamne","status":"publish","type":"page","link":"https:\/\/montreux-vieux.net\/?page_id=20104","title":{"rendered":"L&rsquo;Huissier Eug\u00e8ne Leifle, condamn\u00e9."},"content":{"rendered":"\n<p>La semaine \u00a0derni\u00e8re a comparu, devant le tribunal, correctionnel de Strasbourg, l&rsquo;huissier Eug\u00e8ne Leifle qui, le 1er f\u00e9vrier 1912, avait \u00e9t\u00e9 d\u00e9plac\u00e9 de Montreux-Vieux \u00e0 Bischwiller.  Le, 7 aout de la m\u00eame ann\u00e9e\u00a0 avait disparu en emportant le montant de la caisse. Apr\u00e8s un s\u00e9jour \u00e0 l&rsquo;\u00e9tranger, l&rsquo;huissier vint se constituer de lui-m\u00eame prisonnier. Il\u00a0 s&rsquo;\u00e9tait rendu coupable\u00a0 de diff\u00e9rents d\u00e9tournements, dont : l&rsquo;un se montait \u00e0 756 marks 50, datait\u00a0 encore de l&rsquo;\u00e9poque ou il exer\u00e7ait \u00e0 Dannemarie. D\u2019autres d\u00e9tournements furent commis \u00e0 Bischwiller m\u00eame, dont le total s&rsquo;\u00e9levait \u00e0 2.250 marks environ. Leifle expliqua, au cours de l&rsquo;audience, que c\u2019est pouss\u00e9 par le besoin qu&rsquo;il eut l\u2019id\u00e9e de se livrer \u00e0 ces d\u00e9tournements. Sa femme et ses trois enfants \u00e9taient malades. Ses revenus \u00e0 Bischwiller \u00e9taient d&rsquo;ailleurs moins \u00e9lev\u00e9s qu\u2019 \u00e0 Dannemarie. Le procureur ne se rendit pas \u00e0 ces raisons, vu qu\u2019\u00e0 Dannemarie les revenus de l\u2019huissier allaient de 3.600 \u00e0 3.800 marks. Il requit pour l&rsquo;accus\u00e9 un an et six mois de prison. Le tribunal, tenant compte des besoins passagers d&rsquo;argent de l\u2019huissier, le condamna \u00e0 neuf mois de la m\u00eame pei ne, sous d\u00e9duction de cinq mois de prison pr\u00e9ventive. Il le d\u00e9clara, en outre, pour une dur\u00e9e de trois ans, inapte \u00e0 rev\u00eatir une fonction publique.<\/p>\n\n\n\n<p>Sources&nbsp;: L\u2019Alsacien Lorrain 30 mars 1913<\/p>\n\n\n\n<p><\/p>\n","protected":false},"excerpt":{"rendered":"<p>La semaine \u00a0derni\u00e8re a comparu, devant le tribunal, correctionnel de Strasbourg, l&rsquo;huissier Eug\u00e8ne Leifle qui, le 1er f\u00e9vrier 1912, avait \u00e9t\u00e9 d\u00e9plac\u00e9 de Montreux-Vieux \u00e0 Bischwiller. Le, 7 aout de la m\u00eame ann\u00e9e\u00a0 avait disparu en emportant le montant de &hellip; <a href=\"https:\/\/montreux-vieux.net\/?page_id=20104\">Continuer la lecture <span class=\"meta-nav\">&rarr;<\/span><\/a><\/p>\n","protected":false},"author":1,"featured_media":0,"parent":13044,"menu_order":390,"comment_status":"closed","ping_status":"open","template":"","meta":{"footnotes":""},"class_list":["post-20104","page","type-page","status-publish","hentry"],"_links":{"self":[{"href":"https:\/\/montreux-vieux.net\/index.php?rest_route=\/wp\/v2\/pages\/20104","targetHints":{"allow":["GET"]}}],"collection":[{"href":"https:\/\/montreux-vieux.net\/index.php?rest_route=\/wp\/v2\/pages"}],"about":[{"href":"https:\/\/montreux-vieux.net\/index.php?rest_route=\/wp\/v2\/types\/page"}],"author":[{"embeddable":true,"href":"https:\/\/montreux-vieux.net\/index.php?rest_route=\/wp\/v2\/users\/1"}],"replies":[{"embeddable":true,"href":"https:\/\/montreux-vieux.net\/index.php?rest_route=%2Fwp%2Fv2%2Fcomments&post=20104"}],"version-history":[{"count":2,"href":"https:\/\/montreux-vieux.net\/index.php?rest_route=\/wp\/v2\/pages\/20104\/revisions"}],"predecessor-version":[{"id":26409,"href":"https:\/\/montreux-vieux.net\/index.php?rest_route=\/wp\/v2\/pages\/20104\/revisions\/26409"}],"up":[{"embeddable":true,"href":"https:\/\/montreux-vieux.net\/index.php?rest_route=\/wp\/v2\/pages\/13044"}],"wp:attachment":[{"href":"https:\/\/montreux-vieux.net\/index.php?rest_route=%2Fwp%2Fv2%2Fmedia&parent=20104"}],"curies":[{"name":"wp","href":"https:\/\/api.w.org\/{rel}","templated":true}]}}