{"id":20145,"date":"2020-07-16T14:43:14","date_gmt":"2020-07-16T13:43:14","guid":{"rendered":"http:\/\/montreux-vieux.net\/?page_id=20145"},"modified":"2025-01-26T10:35:01","modified_gmt":"2025-01-26T09:35:01","slug":"le-budget-de-1909-1910-l-administration-des-cultes","status":"publish","type":"page","link":"https:\/\/montreux-vieux.net\/?page_id=20145","title":{"rendered":"Le budget de 1909\u20141910 L\u2019 administration des < cultes >"},"content":{"rendered":"\n<p><strong>ALSACE-LORRAINE<\/strong><\/p>\n\n\n\n<p>Le budget de 1909\u20141910 L\u2019 administration des &lt; cultes > a demand\u00e9 40,000 M. pour les travaux de r\u00e9paration de la cath\u00e9drale de Metz et une subvention extraordinaire de 10,000 M. \u00e0 la &lt; Soci\u00e9t\u00e9 pour la restauration de la cath\u00e9drale > \u00e0 Metz. A Montreux-Vieux doit \u00eatre cr\u00e9\u00e9 un nouveau poste de pasteur protestant pour le canton de Dannemarie et la vall\u00e9e de la Largue, avec un traitement moyen de 2000 M. Le vicariat qui existait de Montreux-Vieux est supprim\u00e9 et un autre est cr\u00e9\u00e9 \u00e0, l\u2019H\u00f4pital-Carling.<\/p>\n\n\n\n<p>Sources&nbsp;: Express 26 janvier 1909<\/p>\n\n\n\n<p><\/p>\n","protected":false},"excerpt":{"rendered":"<p>ALSACE-LORRAINE Le budget de 1909\u20141910 L\u2019 administration des &lt; cultes > a demand\u00e9 40,000 M. pour les travaux de r\u00e9paration de la cath\u00e9drale de Metz et une subvention extraordinaire de 10,000 M. \u00e0 la &lt; Soci\u00e9t\u00e9 pour la restauration de &hellip; <a href=\"https:\/\/montreux-vieux.net\/?page_id=20145\">Continuer la lecture <span class=\"meta-nav\">&rarr;<\/span><\/a><\/p>\n","protected":false},"author":1,"featured_media":0,"parent":13028,"menu_order":30,"comment_status":"closed","ping_status":"open","template":"","meta":{"footnotes":""},"class_list":["post-20145","page","type-page","status-publish","hentry"],"_links":{"self":[{"href":"https:\/\/montreux-vieux.net\/index.php?rest_route=\/wp\/v2\/pages\/20145","targetHints":{"allow":["GET"]}}],"collection":[{"href":"https:\/\/montreux-vieux.net\/index.php?rest_route=\/wp\/v2\/pages"}],"about":[{"href":"https:\/\/montreux-vieux.net\/index.php?rest_route=\/wp\/v2\/types\/page"}],"author":[{"embeddable":true,"href":"https:\/\/montreux-vieux.net\/index.php?rest_route=\/wp\/v2\/users\/1"}],"replies":[{"embeddable":true,"href":"https:\/\/montreux-vieux.net\/index.php?rest_route=%2Fwp%2Fv2%2Fcomments&post=20145"}],"version-history":[{"count":2,"href":"https:\/\/montreux-vieux.net\/index.php?rest_route=\/wp\/v2\/pages\/20145\/revisions"}],"predecessor-version":[{"id":26755,"href":"https:\/\/montreux-vieux.net\/index.php?rest_route=\/wp\/v2\/pages\/20145\/revisions\/26755"}],"up":[{"embeddable":true,"href":"https:\/\/montreux-vieux.net\/index.php?rest_route=\/wp\/v2\/pages\/13028"}],"wp:attachment":[{"href":"https:\/\/montreux-vieux.net\/index.php?rest_route=%2Fwp%2Fv2%2Fmedia&parent=20145"}],"curies":[{"name":"wp","href":"https:\/\/api.w.org\/{rel}","templated":true}]}}