{"id":20163,"date":"2020-07-17T16:59:36","date_gmt":"2020-07-17T15:59:36","guid":{"rendered":"http:\/\/montreux-vieux.net\/?page_id=20163"},"modified":"2020-07-17T16:59:55","modified_gmt":"2020-07-17T15:59:55","slug":"suicide-dun-gendarme-allemand","status":"publish","type":"page","link":"https:\/\/montreux-vieux.net\/?page_id=20163","title":{"rendered":"Suicide d\u2019un gendarme allemand"},"content":{"rendered":"\n<p>Suicide d\u2019un gendarme allemand Le cadavre du gendarme allemand qui s&rsquo;est suicid\u00e9 \u00e0 une trentaine de m\u00e8tres de la fronti\u00e8re fran\u00e7aise, a \u00e9t\u00e9 reconnu pour \u00eatre celui d&rsquo;un.nomm\u00e9 Sterke, gendarme appartenant \u00e0 la brigade de Dannemarie et originaire de Struth, grand-duch\u00e9 de Bade.<\/p>\n\n\n\n<p>L&rsquo;arme rouill\u00e9e lui a \u00e9t\u00e9 retir\u00e9e des mains et, la t\u00eate presque d\u00e9tach\u00e9e du tronc ayant \u00e9t\u00e9 soulev\u00e9e, on a constat\u00e9 une petite ouverture produite par le passage de la balle, laquelle n&rsquo;est pas ressortie par la boite cr\u00e2nienne mais a travers\u00e9 la bouche et la partie post\u00e9rieure des fosses nasales.<\/p>\n\n\n\n<p>Le cadavre \u00e9tait tellement d\u00e9compos\u00e9 qu&rsquo;il \u00e9tait difficile de se tenir longtemps \u00e0 c\u00f4t\u00e9 \u00e0 cause de l\u2019infection.<\/p>\n\n\n\n<p>Les autorit\u00e9s fran\u00e7aises ont d\u00fb insister sur la direction prise par le projectile, afin qu&rsquo;aucun doute ne subsist\u00e2t et qu&rsquo;il f\u00fbt bien \u00e9tabli qu&rsquo;un assassinat n&rsquo;avait pu \u00eatre commis dans les conditions dans lesquelles la mort de Sterke s&rsquo;\u00e9tait produite,<\/p>\n\n\n\n<p>Un proc\u00e8s-verbal en ce sens, dont les conclusions \u00e9cartent formellement toute hypoth\u00e8se d&rsquo;assassinat, a \u00e9t\u00e9 sign\u00e9 par les autorit\u00e9s fran\u00e7aises et allemandes. Apr\u00e8s quoi la lev\u00e9e du corps a \u00e9t\u00e9 faite.<\/p>\n\n\n\n<p>D\u00c9SERTEUR ALLEMAND<\/p>\n\n\n\n<p>Avant de partir, les gendarmes allemands ont racont\u00e9 que Sterke avait disparu dans la soir\u00e9e du 5 ao\u00fbt, apr\u00e8s le d\u00e9part du rapide de B\u00e2le-Mulhouse-Paris, entre onze heures et minuit, alors que le service \u00e0 la pare de Montreux-Vieux \u00e9tait compl\u00e8tement termin\u00e9.<\/p>\n\n\n\n<p>Il avait \u00e9t\u00e9 consid\u00e9r\u00e9 comme d\u00e9serteur et signal\u00e9 comme tel par ses coll\u00e8gues des brigades charg\u00e9es du service de garde fronti\u00e8re.<\/p>\n\n\n\n<p>Une pequisition op\u00e9r\u00e9e dans les effets laiss\u00e9s par Sterke. avant de les envoyer \u00e0 sa famille, a fait trouver une lettre dans laquelle il d\u00e9clare que, rebut\u00e9 par les d\u00e9dains d une jeune Alsacienne de Dannemarie dont il \u00e9tait follement \u00e9pris, il en avait assez de la vie et se tuerait. Quant au choix qu&rsquo;il a fait du territoire fran\u00e7ais pour se donner la mort, on ne se l&rsquo;explique autrement que par le d\u00e9sir d&rsquo;\u00e9chapper aux investigations de ses coll\u00e8gues allemands. <\/p>\n\n\n\n<p>Sources\u00a0: Le Petit Parisienne 23 septembre 1888<\/p>\n","protected":false},"excerpt":{"rendered":"<p>Suicide d\u2019un gendarme allemand Le cadavre du gendarme allemand qui s&rsquo;est suicid\u00e9 \u00e0 une trentaine de m\u00e8tres de la fronti\u00e8re fran\u00e7aise, a \u00e9t\u00e9 reconnu pour \u00eatre celui d&rsquo;un.nomm\u00e9 Sterke, gendarme appartenant \u00e0 la brigade de Dannemarie et originaire de Struth, &hellip; <a href=\"https:\/\/montreux-vieux.net\/?page_id=20163\">Continuer la lecture <span class=\"meta-nav\">&rarr;<\/span><\/a><\/p>\n","protected":false},"author":1,"featured_media":0,"parent":13044,"menu_order":430,"comment_status":"closed","ping_status":"open","template":"","meta":{"footnotes":""},"class_list":["post-20163","page","type-page","status-publish","hentry"],"_links":{"self":[{"href":"https:\/\/montreux-vieux.net\/index.php?rest_route=\/wp\/v2\/pages\/20163","targetHints":{"allow":["GET"]}}],"collection":[{"href":"https:\/\/montreux-vieux.net\/index.php?rest_route=\/wp\/v2\/pages"}],"about":[{"href":"https:\/\/montreux-vieux.net\/index.php?rest_route=\/wp\/v2\/types\/page"}],"author":[{"embeddable":true,"href":"https:\/\/montreux-vieux.net\/index.php?rest_route=\/wp\/v2\/users\/1"}],"replies":[{"embeddable":true,"href":"https:\/\/montreux-vieux.net\/index.php?rest_route=%2Fwp%2Fv2%2Fcomments&post=20163"}],"version-history":[{"count":2,"href":"https:\/\/montreux-vieux.net\/index.php?rest_route=\/wp\/v2\/pages\/20163\/revisions"}],"predecessor-version":[{"id":20165,"href":"https:\/\/montreux-vieux.net\/index.php?rest_route=\/wp\/v2\/pages\/20163\/revisions\/20165"}],"up":[{"embeddable":true,"href":"https:\/\/montreux-vieux.net\/index.php?rest_route=\/wp\/v2\/pages\/13044"}],"wp:attachment":[{"href":"https:\/\/montreux-vieux.net\/index.php?rest_route=%2Fwp%2Fv2%2Fmedia&parent=20163"}],"curies":[{"name":"wp","href":"https:\/\/api.w.org\/{rel}","templated":true}]}}