{"id":20188,"date":"2020-07-19T15:32:41","date_gmt":"2020-07-19T14:32:41","guid":{"rendered":"http:\/\/montreux-vieux.net\/?page_id=20188"},"modified":"2020-07-19T15:32:41","modified_gmt":"2020-07-19T14:32:41","slug":"voleur-de-plomb-puni","status":"publish","type":"page","link":"https:\/\/montreux-vieux.net\/?page_id=20188","title":{"rendered":"Voleur de plomb puni"},"content":{"rendered":"\n<p>Voleur de plomb puni. \u2014 Le 7 juin, les gendarmes de Montreux-Chateau arr\u00eataient \u00e0 Foussemagne, un individu en bicyclette, portant un sac tr\u00e8s lourd sur l\u2019\u00e9paule. Interrog\u00e9, il avoua avoir pris une certaine quantit\u00e9 de plomb dans le chantier des Ponts et Chauss\u00e9es, sur le canal du Rh\u00f4ne au Rhin, situ\u00e9 entre Montreux-Vieux. Valdieu et Montreux-Ch\u00e2teau.<\/p>\n\n\n\n<p>Le m\u00e9tal vol\u00e9 posait environ 80 kilos et avait une valeur de 1.200 francs.<\/p>\n\n\n\n<p>Le \u00ab&nbsp; glaneur \u00bb, Haffner Emile, 32 ans, manoeuvre, demeurant \u00e0 Llinteau (Haut-Rhin), voulait, dit-il, se procurer un peu d\u2019argent pour retourner chez sa m\u00e8re. Il a comparu vendredi en correctionnelle \u00e0 Belfort et a \u00e9t\u00e9 condamn\u00e9, en raison des ses ant\u00e9c\u00e9dents d\u00e9j\u00e0 lourds, \u00e0 huit mois de prison.<\/p>\n\n\n\n<p>Sources&nbsp;: Le R\u00e9publicain de Belfort 18 juin 1930<\/p>\n","protected":false},"excerpt":{"rendered":"<p>Voleur de plomb puni. \u2014 Le 7 juin, les gendarmes de Montreux-Chateau arr\u00eataient \u00e0 Foussemagne, un individu en bicyclette, portant un sac tr\u00e8s lourd sur l\u2019\u00e9paule. Interrog\u00e9, il avoua avoir pris une certaine quantit\u00e9 de plomb dans le chantier des &hellip; <a href=\"https:\/\/montreux-vieux.net\/?page_id=20188\">Continuer la lecture <span class=\"meta-nav\">&rarr;<\/span><\/a><\/p>\n","protected":false},"author":1,"featured_media":0,"parent":13044,"menu_order":435,"comment_status":"closed","ping_status":"open","template":"","meta":{"footnotes":""},"class_list":["post-20188","page","type-page","status-publish","hentry"],"_links":{"self":[{"href":"https:\/\/montreux-vieux.net\/index.php?rest_route=\/wp\/v2\/pages\/20188","targetHints":{"allow":["GET"]}}],"collection":[{"href":"https:\/\/montreux-vieux.net\/index.php?rest_route=\/wp\/v2\/pages"}],"about":[{"href":"https:\/\/montreux-vieux.net\/index.php?rest_route=\/wp\/v2\/types\/page"}],"author":[{"embeddable":true,"href":"https:\/\/montreux-vieux.net\/index.php?rest_route=\/wp\/v2\/users\/1"}],"replies":[{"embeddable":true,"href":"https:\/\/montreux-vieux.net\/index.php?rest_route=%2Fwp%2Fv2%2Fcomments&post=20188"}],"version-history":[{"count":1,"href":"https:\/\/montreux-vieux.net\/index.php?rest_route=\/wp\/v2\/pages\/20188\/revisions"}],"predecessor-version":[{"id":20189,"href":"https:\/\/montreux-vieux.net\/index.php?rest_route=\/wp\/v2\/pages\/20188\/revisions\/20189"}],"up":[{"embeddable":true,"href":"https:\/\/montreux-vieux.net\/index.php?rest_route=\/wp\/v2\/pages\/13044"}],"wp:attachment":[{"href":"https:\/\/montreux-vieux.net\/index.php?rest_route=%2Fwp%2Fv2%2Fmedia&parent=20188"}],"curies":[{"name":"wp","href":"https:\/\/api.w.org\/{rel}","templated":true}]}}