{"id":20335,"date":"2020-08-06T16:06:32","date_gmt":"2020-08-06T15:06:32","guid":{"rendered":"http:\/\/montreux-vieux.net\/?page_id=20335"},"modified":"2020-08-23T10:01:40","modified_gmt":"2020-08-23T09:01:40","slug":"demission-de-m-laible-maire-de-montreux-vieux","status":"publish","type":"page","link":"https:\/\/montreux-vieux.net\/?page_id=20335","title":{"rendered":"D\u00e9mission de M. Laibl\u00e9, maire de Montreux-Vieux"},"content":{"rendered":"\n<p>MONTREUX-VIEUX, 15 d\u00e9cembre. \u2014 La d\u00e9mission de M. Laibl\u00e9, maire de Montreux-Vieux, serait surtout la cons\u00e9quence de l&rsquo;\u00e9tat d\u2019hostilit\u00e9 qui r\u00e8gne &nbsp;entre lui et le cur\u00e9 de la paroisse. M. Laibl\u00e9 est \u00e0 la t\u00eate du mouvement lib\u00e9ral dans l\u2019arrondissement et a figur\u00e9 dans plusieurs proc\u00e8s politiques contre des membres du centre, notamment dans le r\u00e9cent proc\u00e8s Ricklin. Or, il y a quelque temps, raconte-t-on, Mme Laibl\u00e9 a refus\u00e9 do recevoir \u00e0 la maison le cur\u00e9, qui a donn\u00e9 lecture alors, \u00e0 l\u2019\u00e9glise, du haut de la chaire, d\u2019une d\u00e9claration que M. Laibl\u00e9 a jug\u00e9 offensante. C\u2019est pour poursuivre plus librement cette affaire devant les tribunaux que M. Laibl\u00e9 a donn\u00e9 sa d\u00e9mission. Mais le Conseil municipal a pris unanimement fait et cause pour lui et a demand\u00e9 au gouvernement de ne pas accepter la d\u00e9mission de M. Laibl\u00e9. Celui-ci a pos\u00e9 comme condition de son maintien en fonctions le d\u00e9placement du cur\u00e9. On est curieux dans tout le Sundgau de voir l\u2019issue de ce conflit<\/p>\n\n\n\n<p>Sources\u00a0: Express 17 d\u00e9cembre 1909<\/p>\n\n\n\n<p>MONTREUX-VIEUX, 12 d\u00e9cembre. \u2014 M. Laible, maire de Montreux-Vieux, a donn\u00e9 sa d\u00e9mission \u00e0 la suite de d\u00e9saccord avec la Kreisdirection.<\/p>\n\n\n\n<p>Sources\u00a0:l&rsquo;Express 14 d\u00e9cembre 1909<\/p>\n","protected":false},"excerpt":{"rendered":"<p>MONTREUX-VIEUX, 15 d\u00e9cembre. \u2014 La d\u00e9mission de M. Laibl\u00e9, maire de Montreux-Vieux, serait surtout la cons\u00e9quence de l&rsquo;\u00e9tat d\u2019hostilit\u00e9 qui r\u00e8gne &nbsp;entre lui et le cur\u00e9 de la paroisse. M. Laibl\u00e9 est \u00e0 la t\u00eate du mouvement lib\u00e9ral dans l\u2019arrondissement &hellip; <a href=\"https:\/\/montreux-vieux.net\/?page_id=20335\">Continuer la lecture <span class=\"meta-nav\">&rarr;<\/span><\/a><\/p>\n","protected":false},"author":1,"featured_media":0,"parent":4909,"menu_order":10,"comment_status":"closed","ping_status":"open","template":"","meta":{"footnotes":""},"class_list":["post-20335","page","type-page","status-publish","hentry"],"_links":{"self":[{"href":"https:\/\/montreux-vieux.net\/index.php?rest_route=\/wp\/v2\/pages\/20335","targetHints":{"allow":["GET"]}}],"collection":[{"href":"https:\/\/montreux-vieux.net\/index.php?rest_route=\/wp\/v2\/pages"}],"about":[{"href":"https:\/\/montreux-vieux.net\/index.php?rest_route=\/wp\/v2\/types\/page"}],"author":[{"embeddable":true,"href":"https:\/\/montreux-vieux.net\/index.php?rest_route=\/wp\/v2\/users\/1"}],"replies":[{"embeddable":true,"href":"https:\/\/montreux-vieux.net\/index.php?rest_route=%2Fwp%2Fv2%2Fcomments&post=20335"}],"version-history":[{"count":4,"href":"https:\/\/montreux-vieux.net\/index.php?rest_route=\/wp\/v2\/pages\/20335\/revisions"}],"predecessor-version":[{"id":20695,"href":"https:\/\/montreux-vieux.net\/index.php?rest_route=\/wp\/v2\/pages\/20335\/revisions\/20695"}],"up":[{"embeddable":true,"href":"https:\/\/montreux-vieux.net\/index.php?rest_route=\/wp\/v2\/pages\/4909"}],"wp:attachment":[{"href":"https:\/\/montreux-vieux.net\/index.php?rest_route=%2Fwp%2Fv2%2Fmedia&parent=20335"}],"curies":[{"name":"wp","href":"https:\/\/api.w.org\/{rel}","templated":true}]}}