{"id":2035,"date":"2011-10-05T07:52:25","date_gmt":"2011-10-05T06:52:25","guid":{"rendered":"http:\/\/montreux-vieux.org\/?page_id=2035"},"modified":"2011-10-05T07:52:25","modified_gmt":"2011-10-05T06:52:25","slug":"le-present","status":"publish","type":"page","link":"https:\/\/montreux-vieux.net\/?page_id=2035","title":{"rendered":"Le Pr\u00e9sent"},"content":{"rendered":"<div id=\"post-1470\">\n<h2 style=\"text-align: center;\">\u00a0<span style=\"color: #993300;\">LE PRESENT<\/span><\/h2>\n<div>Ne sous-estimez pas votre valeur en vous comparant aux autres. C&rsquo;est parce que nous sommes tous diff\u00e9rents que chacun de nous est sp\u00e9cial.<\/div>\n<div>\u00a0<\/div>\n<div>N&rsquo;\u00e9tablissez pas vos buts en fonction de ce que les autres jugent important. Il n&rsquo;y a que vous qui sachiez ce qui est important pour vous.<\/div>\n<div>\u00a0<\/div>\n<div>Ne consid\u00e9rez pas comme acquise les choses les plus proches de votre coeur. Accrochez vous \u00e0 elles, comme si votre vie en d\u00e9pendait. Sans elles votre vie n&rsquo;a pas de sens.<\/div>\n<div>\u00a0<\/div>\n<div>Ne laissez pas votre vie vous glisser entre les doigts, en vivant dans le pass\u00e9 ou le futur. En vivant une journ\u00e9e \u00e0 la fois, vous vivez TOUS les jours de votre vie.<\/div>\n<div>\u00a0<\/div>\n<div>N&rsquo;abandonnez pas quand vous avez encore quelque chose \u00e0 donner. Rien n&rsquo;est jamais perdu tant que vous essayez.<\/div>\n<div>\u00a0<\/div>\n<div>N&rsquo;ayez pas peur d&rsquo;admettre que vous n&rsquo;\u00eates pas parfait. C&rsquo;est le fil fragile de notre imperfection qui nous relie les uns aux autres.<\/div>\n<div>\u00a0<\/div>\n<div>N&rsquo;ayez pas peur de prendre des risques. C&rsquo;est en prenant des risques qu&rsquo;on apprend \u00e0 \u00eatre courageux.<\/div>\n<div>\u00a0<\/div>\n<div>Ne fermer pas votre vie \u00e0 l&rsquo;amour en disant que c&rsquo;est impossible \u00e0 trouver. Donner est la fa\u00e7on la plus rapide de recevoir l&rsquo;amour. Le moyen le plus rapide de perdre l&rsquo;amour, c&rsquo;est de le retenir trop fort et le meilleur moyen de garder l&rsquo;amour, c&rsquo;est de lui donner des ailes.<\/div>\n<div>\u00a0<\/div>\n<div>Ne traversez pas la vie en courant si vite que vous en oubliez, non seulement d&rsquo;o\u00f9 vous venez, mais aussi o\u00f9 vous allez.<\/div>\n<div>\u00a0<\/div>\n<div>N&rsquo;oubliez pas que le plus grand besoin \u00e9motionnel d&rsquo;une personne est de se sentir appr\u00e9ci\u00e9.<\/div>\n<div>\u00a0<\/div>\n<div>N&rsquo;ayez pas peur d&rsquo;apprendre. Le savoir n&rsquo;a pas de poids, c&rsquo;est un tr\u00e9sor que vous pouvez emmener partout avec vous.<\/div>\n<div>\u00a0<\/div>\n<div>Faites attention \u00e0 ne gaspiller ni le temps ni les mots. Ni l&rsquo;un ni l&rsquo;autre ne peuvent \u00eatres r\u00e9cup\u00e9r\u00e9s.<\/div>\n<div>\u00a0<\/div>\n<div>La vie n&rsquo;est pas une course mais un voyage \u00e0 savourer pas \u00e0 pas.<\/div>\n<div>\u00a0<\/div>\n<div>Hier c&rsquo;est de l&rsquo;histoire.<\/div>\n<div>\u00a0<\/div>\n<div>Demain est un myst\u00e8re.<\/div>\n<div>\u00a0<\/div>\n<div>Aujourd&rsquo;hui est un cadeau.<\/div>\n<div>\u00a0<\/div>\n<div>C&rsquo;est pour cela qu&rsquo;on l&rsquo;appelle le\u00a0\u00bb pr\u00e9sent \u00ab\u00a0.<\/div>\n<\/div>\n","protected":false},"excerpt":{"rendered":"<p>\u00a0LE PRESENT Ne sous-estimez pas votre valeur en vous comparant aux autres. C&rsquo;est parce que nous sommes tous diff\u00e9rents que chacun de nous est sp\u00e9cial. \u00a0 N&rsquo;\u00e9tablissez pas vos buts en fonction de ce que les autres jugent important. Il &hellip; <a href=\"https:\/\/montreux-vieux.net\/?page_id=2035\">Continuer la lecture <span class=\"meta-nav\">&rarr;<\/span><\/a><\/p>\n","protected":false},"author":1,"featured_media":0,"parent":1467,"menu_order":0,"comment_status":"open","ping_status":"open","template":"","meta":{"footnotes":""},"class_list":["post-2035","page","type-page","status-publish","hentry"],"_links":{"self":[{"href":"https:\/\/montreux-vieux.net\/index.php?rest_route=\/wp\/v2\/pages\/2035","targetHints":{"allow":["GET"]}}],"collection":[{"href":"https:\/\/montreux-vieux.net\/index.php?rest_route=\/wp\/v2\/pages"}],"about":[{"href":"https:\/\/montreux-vieux.net\/index.php?rest_route=\/wp\/v2\/types\/page"}],"author":[{"embeddable":true,"href":"https:\/\/montreux-vieux.net\/index.php?rest_route=\/wp\/v2\/users\/1"}],"replies":[{"embeddable":true,"href":"https:\/\/montreux-vieux.net\/index.php?rest_route=%2Fwp%2Fv2%2Fcomments&post=2035"}],"version-history":[{"count":2,"href":"https:\/\/montreux-vieux.net\/index.php?rest_route=\/wp\/v2\/pages\/2035\/revisions"}],"predecessor-version":[{"id":2037,"href":"https:\/\/montreux-vieux.net\/index.php?rest_route=\/wp\/v2\/pages\/2035\/revisions\/2037"}],"up":[{"embeddable":true,"href":"https:\/\/montreux-vieux.net\/index.php?rest_route=\/wp\/v2\/pages\/1467"}],"wp:attachment":[{"href":"https:\/\/montreux-vieux.net\/index.php?rest_route=%2Fwp%2Fv2%2Fmedia&parent=2035"}],"curies":[{"name":"wp","href":"https:\/\/api.w.org\/{rel}","templated":true}]}}