{"id":20376,"date":"2020-08-08T15:20:00","date_gmt":"2020-08-08T14:20:00","guid":{"rendered":"http:\/\/montreux-vieux.net\/?page_id=20376"},"modified":"2020-08-08T15:23:25","modified_gmt":"2020-08-08T14:23:25","slug":"arrestation","status":"publish","type":"page","link":"https:\/\/montreux-vieux.net\/?page_id=20376","title":{"rendered":"Arrestation"},"content":{"rendered":"\n<p>Arrestation La gendarmerie vient de proc\u00e9der \u00e0 l\u2019arrestation du vannier N. G., \u00e2g\u00e9 de 25 ans, travaillant sur la ligne de chemin de fer entre Montreux-Vieux et Altkirch, qui avait \u00e9t\u00e9 condamn\u00e9 par le Tribunal Correctionnel, par d\u00e9faut, \u00e0 2 jours de prison, pour vol de r\u00e9coltes. Il a \u00e9t\u00e9 conduit \u00e0 Mulhouse aux fins d\u2019y purger sa peine.<\/p>\n\n\n\n<p>Sources&nbsp;: L\u2019Express 23 ao\u00fbt 1937<\/p>\n","protected":false},"excerpt":{"rendered":"<p>Arrestation La gendarmerie vient de proc\u00e9der \u00e0 l\u2019arrestation du vannier N. G., \u00e2g\u00e9 de 25 ans, travaillant sur la ligne de chemin de fer entre Montreux-Vieux et Altkirch, qui avait \u00e9t\u00e9 condamn\u00e9 par le Tribunal Correctionnel, par d\u00e9faut, \u00e0 2 &hellip; <a href=\"https:\/\/montreux-vieux.net\/?page_id=20376\">Continuer la lecture <span class=\"meta-nav\">&rarr;<\/span><\/a><\/p>\n","protected":false},"author":1,"featured_media":0,"parent":13044,"menu_order":490,"comment_status":"closed","ping_status":"open","template":"","meta":{"footnotes":""},"class_list":["post-20376","page","type-page","status-publish","hentry"],"_links":{"self":[{"href":"https:\/\/montreux-vieux.net\/index.php?rest_route=\/wp\/v2\/pages\/20376","targetHints":{"allow":["GET"]}}],"collection":[{"href":"https:\/\/montreux-vieux.net\/index.php?rest_route=\/wp\/v2\/pages"}],"about":[{"href":"https:\/\/montreux-vieux.net\/index.php?rest_route=\/wp\/v2\/types\/page"}],"author":[{"embeddable":true,"href":"https:\/\/montreux-vieux.net\/index.php?rest_route=\/wp\/v2\/users\/1"}],"replies":[{"embeddable":true,"href":"https:\/\/montreux-vieux.net\/index.php?rest_route=%2Fwp%2Fv2%2Fcomments&post=20376"}],"version-history":[{"count":2,"href":"https:\/\/montreux-vieux.net\/index.php?rest_route=\/wp\/v2\/pages\/20376\/revisions"}],"predecessor-version":[{"id":20380,"href":"https:\/\/montreux-vieux.net\/index.php?rest_route=\/wp\/v2\/pages\/20376\/revisions\/20380"}],"up":[{"embeddable":true,"href":"https:\/\/montreux-vieux.net\/index.php?rest_route=\/wp\/v2\/pages\/13044"}],"wp:attachment":[{"href":"https:\/\/montreux-vieux.net\/index.php?rest_route=%2Fwp%2Fv2%2Fmedia&parent=20376"}],"curies":[{"name":"wp","href":"https:\/\/api.w.org\/{rel}","templated":true}]}}