{"id":20405,"date":"2020-08-10T16:08:03","date_gmt":"2020-08-10T15:08:03","guid":{"rendered":"http:\/\/montreux-vieux.net\/?page_id=20405"},"modified":"2020-09-29T15:40:16","modified_gmt":"2020-09-29T14:40:16","slug":"les-agissements-du-commissaire-allemand","status":"publish","type":"page","link":"https:\/\/montreux-vieux.net\/?page_id=20405","title":{"rendered":"Les agissements du commissaire allemand"},"content":{"rendered":"\n<p>En ce qui concerne les agissements du commissaire allemand \u00e0 Montrcux-Vieux (Alt. Munsteroll), nous sommes hier plac\u00e9s, \u00e0 B\u00e2le, pour en juger. Ce haut fonctionnaire traite les voyageurs qui se pr\u00e9sentent \u00e0 l\u2019entr\u00e9e, comme un commissaire de police traiterait un vagabond sans papiers de l\u00e9gitimation. Il se lait ob\u00e9ir par geste et commandements militaires, comme s\u2019il \u00e9tait encore en caserne. Il soumet les personnes \u00e0 un interrogatoire plus que d\u00e9sobligeant, il se permet des observations d\u00e9plac\u00e9es et il se montre d\u2019une rigueur outr\u00e9e. Un malheureux aveugle venu de France, accompagn\u00e9 par un parent, a d\u00fb \u00eatre abandonn\u00e9 en gare de Montreux-Vieux, le commissaire ayant expuls\u00e9 par le plus prochain train la personne qui accompagnait l&rsquo;aveugle. Heureusement le personnel de la gare a \u00e9t\u00e9 plus humain que le commissaire, ii s\u2019est charg\u00e9 de rapatrier l\u2019aveugle. Une autre sc\u00e8ne s\u2019est produite \u00e0 propos de l\u2019arriv\u00e9e d\u2019une s\u0153ur de charit\u00e9 alsacienne malade, accompagn\u00e9e par une s\u0153ur fran\u00e7aise. Des religieuses d\u2019un monast\u00e8re d\u2019Alsace \u00e9taient venues chercher la malade, ce qui n&rsquo;a pas emp\u00each\u00e9 le commissaire de se conduire de la fa\u00e7on la plus d\u00e9sobligeante et la plus brutale vis-\u00e0-vis des religieuses fran\u00e7aises et alsaciennes.<\/p>\n\n\n\n<p>Sources\u00a0: Paris 29 janvier 1889<\/p>\n\n\n\n<p>La police Allemande \u00e0 la fronti\u00e8re de Montreux-Vieux<\/p>\n\n\n\n<p>&nbsp;En ce qui concerne les agissements du commissaire allemand \u00e0 Montreux-Vieux malt Munsteroll), nous sommes bien plac\u00e9s, \u00e0 B\u00e2le, pour en juger. Ce haut fonctionnaire traite les voyageurs qui se pr\u00e9sentent \u00e0 l\u2019entr\u00e9e, comme un commissaire de police traiterait un vagabond sans papiers de l\u00e9gitimation.<\/p>\n\n\n\n<p>Il se fait ob\u00e9ir par geste et commandements militaires, comme s\u2019il \u00e9tait encore en caserne. Il&nbsp; soumet les personnes \u00e0 un interrogatoire plus que d\u00e9sobligeant ; il se permet des observations d\u00e9plac\u00e9es et il se montre d&rsquo;une rigueur outr\u00e9e.<\/p>\n\n\n\n<p>Un malheureux aveugle venu de France, accompagn\u00e9 par un parent, a d\u00fb \u00eatre abandonn\u00e9 en gare de Montreux-Vieux, le commissaire ayant expuls\u00e9 par le plus prochain train la personne qui accompagnait l\u2019aveugle<\/p>\n\n\n\n<p>Heureusement le personnel de la gare a \u00e9t\u00e9 plus humain que le commissaire ; il s\u2019est charg\u00e9 de rapatrier l\u2019aveugle.<\/p>\n\n\n\n<p>Une autre sc\u00e8ne s\u2019est produite \u00e0 propos de l\u2019arriv\u00e9e d\u2019une s\u0153ur de charit\u00e9 alsacienne malade, accompagn\u00e9e par une s\u0153ur fran\u00e7aise<\/p>\n\n\n\n<p>Des religieuses du monast\u00e8re de Saint-Stephan en Alsace \u00e9taient venues chercher la malade, ce qui n\u2019a pas emp\u00each\u00e9 le commissaire de se conduire de la fa\u00e7on la plus d\u00e9sobligeante et la plus brutale vis-\u00e0-vis des religieuses fran\u00e7aises et alsaciennes.<\/p>\n\n\n\n<p>Sources&nbsp;: L\u2019Estafette 30 janvier 1889<\/p>\n","protected":false},"excerpt":{"rendered":"<p>En ce qui concerne les agissements du commissaire allemand \u00e0 Montrcux-Vieux (Alt. Munsteroll), nous sommes hier plac\u00e9s, \u00e0 B\u00e2le, pour en juger. Ce haut fonctionnaire traite les voyageurs qui se pr\u00e9sentent \u00e0 l\u2019entr\u00e9e, comme un commissaire de police traiterait un &hellip; <a href=\"https:\/\/montreux-vieux.net\/?page_id=20405\">Continuer la lecture <span class=\"meta-nav\">&rarr;<\/span><\/a><\/p>\n","protected":false},"author":1,"featured_media":0,"parent":20403,"menu_order":5,"comment_status":"closed","ping_status":"open","template":"","meta":{"footnotes":""},"class_list":["post-20405","page","type-page","status-publish","hentry"],"_links":{"self":[{"href":"https:\/\/montreux-vieux.net\/index.php?rest_route=\/wp\/v2\/pages\/20405","targetHints":{"allow":["GET"]}}],"collection":[{"href":"https:\/\/montreux-vieux.net\/index.php?rest_route=\/wp\/v2\/pages"}],"about":[{"href":"https:\/\/montreux-vieux.net\/index.php?rest_route=\/wp\/v2\/types\/page"}],"author":[{"embeddable":true,"href":"https:\/\/montreux-vieux.net\/index.php?rest_route=\/wp\/v2\/users\/1"}],"replies":[{"embeddable":true,"href":"https:\/\/montreux-vieux.net\/index.php?rest_route=%2Fwp%2Fv2%2Fcomments&post=20405"}],"version-history":[{"count":2,"href":"https:\/\/montreux-vieux.net\/index.php?rest_route=\/wp\/v2\/pages\/20405\/revisions"}],"predecessor-version":[{"id":21204,"href":"https:\/\/montreux-vieux.net\/index.php?rest_route=\/wp\/v2\/pages\/20405\/revisions\/21204"}],"up":[{"embeddable":true,"href":"https:\/\/montreux-vieux.net\/index.php?rest_route=\/wp\/v2\/pages\/20403"}],"wp:attachment":[{"href":"https:\/\/montreux-vieux.net\/index.php?rest_route=%2Fwp%2Fv2%2Fmedia&parent=20405"}],"curies":[{"name":"wp","href":"https:\/\/api.w.org\/{rel}","templated":true}]}}