{"id":20434,"date":"2020-08-11T15:25:32","date_gmt":"2020-08-11T14:25:32","guid":{"rendered":"http:\/\/montreux-vieux.net\/?page_id=20434"},"modified":"2020-08-11T15:25:32","modified_gmt":"2020-08-11T14:25:32","slug":"un-alsacien-nomme-rieffer","status":"publish","type":"page","link":"https:\/\/montreux-vieux.net\/?page_id=20434","title":{"rendered":"Un Alsacien nomm\u00e9 Rieffer"},"content":{"rendered":"\n<p>MONTREUX-VIEUX, 17 juillet. \u2014 Un Alsacien nomm\u00e9 Rieffer, qui vient de faire cinq ans de service dans la l\u00e9gion \u00e9trang\u00e8re, n\u2019ayant pu trouver du travail en France, voulut retourner dans son pays natal. Arriv\u00e9 \u00e0 Montreux- Vieux, il a \u00e9t\u00e9 appr\u00e9hend\u00e9 au corps par les autorit\u00e9s allemandes, qui l\u2019ont dirig\u00e9 sur le &lt;\u2022 Bezirks-Commando \u00bb d\u2019Altkirch. Il va \u00eatre puni de prison pour s\u2019\u00eatre soustrait au service militaire allemand et une fois sa condamnation purg\u00e9e on le dirigera sur un r\u00e9giment de l\u2019int\u00e9rieur de l\u2019Allemagne, o\u00f9 il sera oblig\u00e9 d\u2019accomplir le temps de service qu\u2019il doit aux Allemands.<\/p>\n\n\n\n<p>Sources&nbsp;: La France 19 juillet 1892<\/p>\n","protected":false},"excerpt":{"rendered":"<p>MONTREUX-VIEUX, 17 juillet. \u2014 Un Alsacien nomm\u00e9 Rieffer, qui vient de faire cinq ans de service dans la l\u00e9gion \u00e9trang\u00e8re, n\u2019ayant pu trouver du travail en France, voulut retourner dans son pays natal. Arriv\u00e9 \u00e0 Montreux- Vieux, il a \u00e9t\u00e9 &hellip; <a href=\"https:\/\/montreux-vieux.net\/?page_id=20434\">Continuer la lecture <span class=\"meta-nav\">&rarr;<\/span><\/a><\/p>\n","protected":false},"author":1,"featured_media":0,"parent":13044,"menu_order":525,"comment_status":"closed","ping_status":"open","template":"","meta":{"footnotes":""},"class_list":["post-20434","page","type-page","status-publish","hentry"],"_links":{"self":[{"href":"https:\/\/montreux-vieux.net\/index.php?rest_route=\/wp\/v2\/pages\/20434","targetHints":{"allow":["GET"]}}],"collection":[{"href":"https:\/\/montreux-vieux.net\/index.php?rest_route=\/wp\/v2\/pages"}],"about":[{"href":"https:\/\/montreux-vieux.net\/index.php?rest_route=\/wp\/v2\/types\/page"}],"author":[{"embeddable":true,"href":"https:\/\/montreux-vieux.net\/index.php?rest_route=\/wp\/v2\/users\/1"}],"replies":[{"embeddable":true,"href":"https:\/\/montreux-vieux.net\/index.php?rest_route=%2Fwp%2Fv2%2Fcomments&post=20434"}],"version-history":[{"count":1,"href":"https:\/\/montreux-vieux.net\/index.php?rest_route=\/wp\/v2\/pages\/20434\/revisions"}],"predecessor-version":[{"id":20435,"href":"https:\/\/montreux-vieux.net\/index.php?rest_route=\/wp\/v2\/pages\/20434\/revisions\/20435"}],"up":[{"embeddable":true,"href":"https:\/\/montreux-vieux.net\/index.php?rest_route=\/wp\/v2\/pages\/13044"}],"wp:attachment":[{"href":"https:\/\/montreux-vieux.net\/index.php?rest_route=%2Fwp%2Fv2%2Fmedia&parent=20434"}],"curies":[{"name":"wp","href":"https:\/\/api.w.org\/{rel}","templated":true}]}}