{"id":20696,"date":"2020-08-23T10:03:49","date_gmt":"2020-08-23T09:03:49","guid":{"rendered":"http:\/\/montreux-vieux.net\/?page_id=20696"},"modified":"2020-08-23T10:03:49","modified_gmt":"2020-08-23T09:03:49","slug":"tentative-de-corruption","status":"publish","type":"page","link":"https:\/\/montreux-vieux.net\/?page_id=20696","title":{"rendered":"Tentative de corruption."},"content":{"rendered":"\n<p>Le&nbsp; domestique Emile Klein, \u00e2g\u00e9 de 29 ans, originaire de Montreux-Vieux, contre lequel un gendarme avait dress\u00e9 proc\u00e8s-verbal, a offert de l\u2019argent au repr\u00e9sentant de la loi pour qu\u2019il renonce \u00e0 la poursuite. Il est condamn\u00e9 \u00e0 1 semaine de prison pour tentative de corruption.<\/p>\n\n\n\n<p>Sources&nbsp;: Express 4 ao\u00fbt 1900<\/p>\n","protected":false},"excerpt":{"rendered":"<p>Le&nbsp; domestique Emile Klein, \u00e2g\u00e9 de 29 ans, originaire de Montreux-Vieux, contre lequel un gendarme avait dress\u00e9 proc\u00e8s-verbal, a offert de l\u2019argent au repr\u00e9sentant de la loi pour qu\u2019il renonce \u00e0 la poursuite. Il est condamn\u00e9 \u00e0 1 semaine de &hellip; <a href=\"https:\/\/montreux-vieux.net\/?page_id=20696\">Continuer la lecture <span class=\"meta-nav\">&rarr;<\/span><\/a><\/p>\n","protected":false},"author":1,"featured_media":0,"parent":13044,"menu_order":560,"comment_status":"closed","ping_status":"open","template":"","meta":{"footnotes":""},"class_list":["post-20696","page","type-page","status-publish","hentry"],"_links":{"self":[{"href":"https:\/\/montreux-vieux.net\/index.php?rest_route=\/wp\/v2\/pages\/20696","targetHints":{"allow":["GET"]}}],"collection":[{"href":"https:\/\/montreux-vieux.net\/index.php?rest_route=\/wp\/v2\/pages"}],"about":[{"href":"https:\/\/montreux-vieux.net\/index.php?rest_route=\/wp\/v2\/types\/page"}],"author":[{"embeddable":true,"href":"https:\/\/montreux-vieux.net\/index.php?rest_route=\/wp\/v2\/users\/1"}],"replies":[{"embeddable":true,"href":"https:\/\/montreux-vieux.net\/index.php?rest_route=%2Fwp%2Fv2%2Fcomments&post=20696"}],"version-history":[{"count":1,"href":"https:\/\/montreux-vieux.net\/index.php?rest_route=\/wp\/v2\/pages\/20696\/revisions"}],"predecessor-version":[{"id":20697,"href":"https:\/\/montreux-vieux.net\/index.php?rest_route=\/wp\/v2\/pages\/20696\/revisions\/20697"}],"up":[{"embeddable":true,"href":"https:\/\/montreux-vieux.net\/index.php?rest_route=\/wp\/v2\/pages\/13044"}],"wp:attachment":[{"href":"https:\/\/montreux-vieux.net\/index.php?rest_route=%2Fwp%2Fv2%2Fmedia&parent=20696"}],"curies":[{"name":"wp","href":"https:\/\/api.w.org\/{rel}","templated":true}]}}