{"id":20699,"date":"2020-08-23T10:09:00","date_gmt":"2020-08-23T09:09:00","guid":{"rendered":"http:\/\/montreux-vieux.net\/?page_id=20699"},"modified":"2020-08-23T10:09:00","modified_gmt":"2020-08-23T09:09:00","slug":"double-contravention","status":"publish","type":"page","link":"https:\/\/montreux-vieux.net\/?page_id=20699","title":{"rendered":"Double contravention."},"content":{"rendered":"\n<p>Double contravention. Les gendarmes&nbsp; ont verbalis\u00e9 le cycliste Meyer Emile. 17 ans m\u00e9canicien \u00e0 Montreux Vieux (Haut Rhin) pour d\u00e9faut. a sa machine. de plaque d&rsquo;identit\u00e9 et appareil sonore.<\/p>\n\n\n\n<p>Sources&nbsp;: Le R\u00e9publicain de Belfort 13 juin 1928<\/p>\n","protected":false},"excerpt":{"rendered":"<p>Double contravention. Les gendarmes&nbsp; ont verbalis\u00e9 le cycliste Meyer Emile. 17 ans m\u00e9canicien \u00e0 Montreux Vieux (Haut Rhin) pour d\u00e9faut. a sa machine. de plaque d&rsquo;identit\u00e9 et appareil sonore. Sources&nbsp;: Le R\u00e9publicain de Belfort 13 juin 1928<\/p>\n","protected":false},"author":1,"featured_media":0,"parent":13044,"menu_order":565,"comment_status":"closed","ping_status":"open","template":"","meta":{"footnotes":""},"class_list":["post-20699","page","type-page","status-publish","hentry"],"_links":{"self":[{"href":"https:\/\/montreux-vieux.net\/index.php?rest_route=\/wp\/v2\/pages\/20699","targetHints":{"allow":["GET"]}}],"collection":[{"href":"https:\/\/montreux-vieux.net\/index.php?rest_route=\/wp\/v2\/pages"}],"about":[{"href":"https:\/\/montreux-vieux.net\/index.php?rest_route=\/wp\/v2\/types\/page"}],"author":[{"embeddable":true,"href":"https:\/\/montreux-vieux.net\/index.php?rest_route=\/wp\/v2\/users\/1"}],"replies":[{"embeddable":true,"href":"https:\/\/montreux-vieux.net\/index.php?rest_route=%2Fwp%2Fv2%2Fcomments&post=20699"}],"version-history":[{"count":1,"href":"https:\/\/montreux-vieux.net\/index.php?rest_route=\/wp\/v2\/pages\/20699\/revisions"}],"predecessor-version":[{"id":20700,"href":"https:\/\/montreux-vieux.net\/index.php?rest_route=\/wp\/v2\/pages\/20699\/revisions\/20700"}],"up":[{"embeddable":true,"href":"https:\/\/montreux-vieux.net\/index.php?rest_route=\/wp\/v2\/pages\/13044"}],"wp:attachment":[{"href":"https:\/\/montreux-vieux.net\/index.php?rest_route=%2Fwp%2Fv2%2Fmedia&parent=20699"}],"curies":[{"name":"wp","href":"https:\/\/api.w.org\/{rel}","templated":true}]}}