{"id":20705,"date":"2020-08-23T10:23:16","date_gmt":"2020-08-23T09:23:16","guid":{"rendered":"http:\/\/montreux-vieux.net\/?page_id=20705"},"modified":"2020-08-23T10:23:16","modified_gmt":"2020-08-23T09:23:16","slug":"accident-de-antoine-stemmelin","status":"publish","type":"page","link":"https:\/\/montreux-vieux.net\/?page_id=20705","title":{"rendered":"Accident de Antoine Stemmelin"},"content":{"rendered":"\n<p>Le 5 mai 1934 . &nbsp;Le cheminot Antoine Stemmelin, originaire de Fullern, qui effectuait le contr\u00f4le des signaux sur la voie ferr\u00e9e a \u00e9t\u00e9 surpris entre Valdieu et Montreux-Vieux par le rapide Paris-B\u00e0le. Le cr\u00e2ne d\u00e9fonc\u00e9, il est mort sur le coup.<\/p>\n\n\n\n<p>Sources&nbsp;: Le Populaire 6 mai 1934<\/p>\n","protected":false},"excerpt":{"rendered":"<p>Le 5 mai 1934 . &nbsp;Le cheminot Antoine Stemmelin, originaire de Fullern, qui effectuait le contr\u00f4le des signaux sur la voie ferr\u00e9e a \u00e9t\u00e9 surpris entre Valdieu et Montreux-Vieux par le rapide Paris-B\u00e0le. Le cr\u00e2ne d\u00e9fonc\u00e9, il est mort sur &hellip; <a href=\"https:\/\/montreux-vieux.net\/?page_id=20705\">Continuer la lecture <span class=\"meta-nav\">&rarr;<\/span><\/a><\/p>\n","protected":false},"author":1,"featured_media":0,"parent":13009,"menu_order":65,"comment_status":"closed","ping_status":"open","template":"","meta":{"footnotes":""},"class_list":["post-20705","page","type-page","status-publish","hentry"],"_links":{"self":[{"href":"https:\/\/montreux-vieux.net\/index.php?rest_route=\/wp\/v2\/pages\/20705","targetHints":{"allow":["GET"]}}],"collection":[{"href":"https:\/\/montreux-vieux.net\/index.php?rest_route=\/wp\/v2\/pages"}],"about":[{"href":"https:\/\/montreux-vieux.net\/index.php?rest_route=\/wp\/v2\/types\/page"}],"author":[{"embeddable":true,"href":"https:\/\/montreux-vieux.net\/index.php?rest_route=\/wp\/v2\/users\/1"}],"replies":[{"embeddable":true,"href":"https:\/\/montreux-vieux.net\/index.php?rest_route=%2Fwp%2Fv2%2Fcomments&post=20705"}],"version-history":[{"count":1,"href":"https:\/\/montreux-vieux.net\/index.php?rest_route=\/wp\/v2\/pages\/20705\/revisions"}],"predecessor-version":[{"id":20706,"href":"https:\/\/montreux-vieux.net\/index.php?rest_route=\/wp\/v2\/pages\/20705\/revisions\/20706"}],"up":[{"embeddable":true,"href":"https:\/\/montreux-vieux.net\/index.php?rest_route=\/wp\/v2\/pages\/13009"}],"wp:attachment":[{"href":"https:\/\/montreux-vieux.net\/index.php?rest_route=%2Fwp%2Fv2%2Fmedia&parent=20705"}],"curies":[{"name":"wp","href":"https:\/\/api.w.org\/{rel}","templated":true}]}}