{"id":20737,"date":"2020-08-24T15:24:31","date_gmt":"2020-08-24T14:24:31","guid":{"rendered":"http:\/\/montreux-vieux.net\/?page_id=20737"},"modified":"2020-08-24T15:24:31","modified_gmt":"2020-08-24T14:24:31","slug":"evade-dun-etablissement-dalienes-il-a-ete-reconnu-par-un-gendarme","status":"publish","type":"page","link":"https:\/\/montreux-vieux.net\/?page_id=20737","title":{"rendered":"Evad\u00e9 d&rsquo;un \u00e9tablissement d&rsquo;ali\u00e9n\u00e9s il a \u00e9t\u00e9 reconnu par un gendarme"},"content":{"rendered":"\n<p>&nbsp;Montreux-Vieux, 11 octobre. \u2014 Le gendarme W. ,en patrouille \u00e0 Valdieu a arr\u00eat\u00e9 un individu v\u00eatu d\u2019un pantalon et d\u2019une chemise qui lui paraissait suspect. Conduit \u00e0 Dannemarie cet individu a \u00e9t\u00e9 reconnu pour \u00eatre le sieur E. E., de Pfastatt, qui s\u2019\u00e9tait \u00e9vad\u00e9 d&rsquo;un \u00e9tablissement d\u2019ali\u00e9n\u00e9s de B\u00e2le o\u00f9 il avait \u00e9t\u00e9 intern\u00e9.<\/p>\n\n\n\n<p>Sources&nbsp;: Express 12 octobre 1900<\/p>\n","protected":false},"excerpt":{"rendered":"<p>&nbsp;Montreux-Vieux, 11 octobre. \u2014 Le gendarme W. ,en patrouille \u00e0 Valdieu a arr\u00eat\u00e9 un individu v\u00eatu d\u2019un pantalon et d\u2019une chemise qui lui paraissait suspect. Conduit \u00e0 Dannemarie cet individu a \u00e9t\u00e9 reconnu pour \u00eatre le sieur E. E., de &hellip; <a href=\"https:\/\/montreux-vieux.net\/?page_id=20737\">Continuer la lecture <span class=\"meta-nav\">&rarr;<\/span><\/a><\/p>\n","protected":false},"author":1,"featured_media":0,"parent":13044,"menu_order":585,"comment_status":"closed","ping_status":"open","template":"","meta":{"footnotes":""},"class_list":["post-20737","page","type-page","status-publish","hentry"],"_links":{"self":[{"href":"https:\/\/montreux-vieux.net\/index.php?rest_route=\/wp\/v2\/pages\/20737","targetHints":{"allow":["GET"]}}],"collection":[{"href":"https:\/\/montreux-vieux.net\/index.php?rest_route=\/wp\/v2\/pages"}],"about":[{"href":"https:\/\/montreux-vieux.net\/index.php?rest_route=\/wp\/v2\/types\/page"}],"author":[{"embeddable":true,"href":"https:\/\/montreux-vieux.net\/index.php?rest_route=\/wp\/v2\/users\/1"}],"replies":[{"embeddable":true,"href":"https:\/\/montreux-vieux.net\/index.php?rest_route=%2Fwp%2Fv2%2Fcomments&post=20737"}],"version-history":[{"count":1,"href":"https:\/\/montreux-vieux.net\/index.php?rest_route=\/wp\/v2\/pages\/20737\/revisions"}],"predecessor-version":[{"id":20738,"href":"https:\/\/montreux-vieux.net\/index.php?rest_route=\/wp\/v2\/pages\/20737\/revisions\/20738"}],"up":[{"embeddable":true,"href":"https:\/\/montreux-vieux.net\/index.php?rest_route=\/wp\/v2\/pages\/13044"}],"wp:attachment":[{"href":"https:\/\/montreux-vieux.net\/index.php?rest_route=%2Fwp%2Fv2%2Fmedia&parent=20737"}],"curies":[{"name":"wp","href":"https:\/\/api.w.org\/{rel}","templated":true}]}}