{"id":20767,"date":"2020-08-29T13:22:55","date_gmt":"2020-08-29T12:22:55","guid":{"rendered":"http:\/\/montreux-vieux.net\/?page_id=20767"},"modified":"2020-08-29T13:22:55","modified_gmt":"2020-08-29T12:22:55","slug":"la-reine-dangleterre-le-26-avril-1892-de-passage-a-montreux-vieux","status":"publish","type":"page","link":"https:\/\/montreux-vieux.net\/?page_id=20767","title":{"rendered":"La reine d&rsquo;Angleterre, le 26 avril 1892 de passage \u00e0 Montreux-Vieux."},"content":{"rendered":"\n<p>La reine d&rsquo;Angleterre, le 26 avril 1892 de passage \u00e0 Montreux-Vieux. Strasbourg, 26 avril. \u2014 La reine d\u2019Angleterre est arriv\u00e9e ce matin, \u00e0 5 heures 49, \u00e0 Strasbourg, venant de Montreux-Vieux, par train sp\u00e9cial compos\u00e9 d\u2019une locomotive et de 10 wagons.<\/p>\n\n\n\n<p>Le train ne s&rsquo;est arr\u00eat\u00e9 que quelques minutes, pour changer de voie, et a repris sa route pour Darmstadt, ou il arrivera vers neuf heures.<\/p>\n\n\n\n<p>Sources : Le Phare de la Loire 28 avril 1892<\/p>\n","protected":false},"excerpt":{"rendered":"<p>La reine d&rsquo;Angleterre, le 26 avril 1892 de passage \u00e0 Montreux-Vieux. Strasbourg, 26 avril. \u2014 La reine d\u2019Angleterre est arriv\u00e9e ce matin, \u00e0 5 heures 49, \u00e0 Strasbourg, venant de Montreux-Vieux, par train sp\u00e9cial compos\u00e9 d\u2019une locomotive et de 10 &hellip; <a href=\"https:\/\/montreux-vieux.net\/?page_id=20767\">Continuer la lecture <span class=\"meta-nav\">&rarr;<\/span><\/a><\/p>\n","protected":false},"author":1,"featured_media":0,"parent":4909,"menu_order":15,"comment_status":"closed","ping_status":"open","template":"","meta":{"footnotes":""},"class_list":["post-20767","page","type-page","status-publish","hentry"],"_links":{"self":[{"href":"https:\/\/montreux-vieux.net\/index.php?rest_route=\/wp\/v2\/pages\/20767","targetHints":{"allow":["GET"]}}],"collection":[{"href":"https:\/\/montreux-vieux.net\/index.php?rest_route=\/wp\/v2\/pages"}],"about":[{"href":"https:\/\/montreux-vieux.net\/index.php?rest_route=\/wp\/v2\/types\/page"}],"author":[{"embeddable":true,"href":"https:\/\/montreux-vieux.net\/index.php?rest_route=\/wp\/v2\/users\/1"}],"replies":[{"embeddable":true,"href":"https:\/\/montreux-vieux.net\/index.php?rest_route=%2Fwp%2Fv2%2Fcomments&post=20767"}],"version-history":[{"count":1,"href":"https:\/\/montreux-vieux.net\/index.php?rest_route=\/wp\/v2\/pages\/20767\/revisions"}],"predecessor-version":[{"id":20768,"href":"https:\/\/montreux-vieux.net\/index.php?rest_route=\/wp\/v2\/pages\/20767\/revisions\/20768"}],"up":[{"embeddable":true,"href":"https:\/\/montreux-vieux.net\/index.php?rest_route=\/wp\/v2\/pages\/4909"}],"wp:attachment":[{"href":"https:\/\/montreux-vieux.net\/index.php?rest_route=%2Fwp%2Fv2%2Fmedia&parent=20767"}],"curies":[{"name":"wp","href":"https:\/\/api.w.org\/{rel}","templated":true}]}}