{"id":20864,"date":"2020-09-08T16:39:40","date_gmt":"2020-09-08T15:39:40","guid":{"rendered":"http:\/\/montreux-vieux.net\/?page_id=20864"},"modified":"2020-09-08T16:40:41","modified_gmt":"2020-09-08T15:40:41","slug":"la-place-de-veterinaire-darrondissement-sera-vacante-le-1er-juillet","status":"publish","type":"page","link":"https:\/\/montreux-vieux.net\/?page_id=20864","title":{"rendered":"La place de v\u00e9t\u00e9rinaire d&rsquo;arrondissement sera vacante le 1er juillet"},"content":{"rendered":"\n<p> <\/p>\n\n\n\n<p>La place de v\u00e9t\u00e9rinaire d&rsquo;arrondissement sera vacante le 1er juillet. Les postulants auront \u00e0 adresser leurs requ\u00eates d\u2019ici au 15 courant &nbsp;\u00e0 M. le kreisdirector. Le poste rapporte 600 mark de traitement brut. Il y a 700 mark de frais de d\u00e9placement. Le titulaire est charg\u00e9 contre honoraires du contr\u00f4le sanitaire \u00e0 la fronti\u00e8re de Montreux Vieux.<\/p>\n\n\n\n<p>Sources&nbsp;: Express 9 juin 1893<\/p>\n","protected":false},"excerpt":{"rendered":"<p>La place de v\u00e9t\u00e9rinaire d&rsquo;arrondissement sera vacante le 1er juillet. Les postulants auront \u00e0 adresser leurs requ\u00eates d\u2019ici au 15 courant &nbsp;\u00e0 M. le kreisdirector. Le poste rapporte 600 mark de traitement brut. Il y a 700 mark de frais &hellip; <a href=\"https:\/\/montreux-vieux.net\/?page_id=20864\">Continuer la lecture <span class=\"meta-nav\">&rarr;<\/span><\/a><\/p>\n","protected":false},"author":1,"featured_media":0,"parent":13013,"menu_order":100,"comment_status":"closed","ping_status":"open","template":"","meta":{"footnotes":""},"class_list":["post-20864","page","type-page","status-publish","hentry"],"_links":{"self":[{"href":"https:\/\/montreux-vieux.net\/index.php?rest_route=\/wp\/v2\/pages\/20864","targetHints":{"allow":["GET"]}}],"collection":[{"href":"https:\/\/montreux-vieux.net\/index.php?rest_route=\/wp\/v2\/pages"}],"about":[{"href":"https:\/\/montreux-vieux.net\/index.php?rest_route=\/wp\/v2\/types\/page"}],"author":[{"embeddable":true,"href":"https:\/\/montreux-vieux.net\/index.php?rest_route=\/wp\/v2\/users\/1"}],"replies":[{"embeddable":true,"href":"https:\/\/montreux-vieux.net\/index.php?rest_route=%2Fwp%2Fv2%2Fcomments&post=20864"}],"version-history":[{"count":1,"href":"https:\/\/montreux-vieux.net\/index.php?rest_route=\/wp\/v2\/pages\/20864\/revisions"}],"predecessor-version":[{"id":20865,"href":"https:\/\/montreux-vieux.net\/index.php?rest_route=\/wp\/v2\/pages\/20864\/revisions\/20865"}],"up":[{"embeddable":true,"href":"https:\/\/montreux-vieux.net\/index.php?rest_route=\/wp\/v2\/pages\/13013"}],"wp:attachment":[{"href":"https:\/\/montreux-vieux.net\/index.php?rest_route=%2Fwp%2Fv2%2Fmedia&parent=20864"}],"curies":[{"name":"wp","href":"https:\/\/api.w.org\/{rel}","templated":true}]}}