{"id":20873,"date":"2020-09-08T17:00:49","date_gmt":"2020-09-08T16:00:49","guid":{"rendered":"http:\/\/montreux-vieux.net\/?page_id=20873"},"modified":"2020-09-08T17:00:49","modified_gmt":"2020-09-08T16:00:49","slug":"vol-au-prejudice-de-son-patron","status":"publish","type":"page","link":"https:\/\/montreux-vieux.net\/?page_id=20873","title":{"rendered":"Vol au pr\u00e9judice de son patron."},"content":{"rendered":"\n<p>Tribunal correctionnel Audience du 3 avril<\/p>\n\n\n\n<p>&nbsp;Edouard Bischoff, domestique \u00e0 Montreux-Vieux, \u00e2g\u00e9 de 23 ans, s\u2019entende condamner \u00e0 18 mois de prison pour vol au pr\u00e9judice de son patron.<\/p>\n\n\n\n<p>Sources&nbsp;: Express 4 avril 1897<\/p>\n","protected":false},"excerpt":{"rendered":"<p>Tribunal correctionnel Audience du 3 avril &nbsp;Edouard Bischoff, domestique \u00e0 Montreux-Vieux, \u00e2g\u00e9 de 23 ans, s\u2019entende condamner \u00e0 18 mois de prison pour vol au pr\u00e9judice de son patron. Sources&nbsp;: Express 4 avril 1897<\/p>\n","protected":false},"author":1,"featured_media":0,"parent":13044,"menu_order":640,"comment_status":"closed","ping_status":"open","template":"","meta":{"footnotes":""},"class_list":["post-20873","page","type-page","status-publish","hentry"],"_links":{"self":[{"href":"https:\/\/montreux-vieux.net\/index.php?rest_route=\/wp\/v2\/pages\/20873","targetHints":{"allow":["GET"]}}],"collection":[{"href":"https:\/\/montreux-vieux.net\/index.php?rest_route=\/wp\/v2\/pages"}],"about":[{"href":"https:\/\/montreux-vieux.net\/index.php?rest_route=\/wp\/v2\/types\/page"}],"author":[{"embeddable":true,"href":"https:\/\/montreux-vieux.net\/index.php?rest_route=\/wp\/v2\/users\/1"}],"replies":[{"embeddable":true,"href":"https:\/\/montreux-vieux.net\/index.php?rest_route=%2Fwp%2Fv2%2Fcomments&post=20873"}],"version-history":[{"count":1,"href":"https:\/\/montreux-vieux.net\/index.php?rest_route=\/wp\/v2\/pages\/20873\/revisions"}],"predecessor-version":[{"id":20874,"href":"https:\/\/montreux-vieux.net\/index.php?rest_route=\/wp\/v2\/pages\/20873\/revisions\/20874"}],"up":[{"embeddable":true,"href":"https:\/\/montreux-vieux.net\/index.php?rest_route=\/wp\/v2\/pages\/13044"}],"wp:attachment":[{"href":"https:\/\/montreux-vieux.net\/index.php?rest_route=%2Fwp%2Fv2%2Fmedia&parent=20873"}],"curies":[{"name":"wp","href":"https:\/\/api.w.org\/{rel}","templated":true}]}}