{"id":20904,"date":"2020-09-10T16:26:49","date_gmt":"2020-09-10T15:26:49","guid":{"rendered":"http:\/\/montreux-vieux.net\/?page_id=20904"},"modified":"2020-09-10T16:26:49","modified_gmt":"2020-09-10T15:26:49","slug":"transport-de-prisonniers","status":"publish","type":"page","link":"https:\/\/montreux-vieux.net\/?page_id=20904","title":{"rendered":"Transport de prisonniers"},"content":{"rendered":"\n<p>Transport de prisonniers. \u2014 Deux caissiers qui avaient priais fuite apr\u00e8s avoir vol\u00e9 \u00e0 Hambourg 100,000 m. \u00e9taient poursuivis par la police depuis assez longtemps. Les deux fugitifs ont \u00e9t\u00e9 arr\u00eat\u00e9s au Havre et reconduits \u00e0 la fronti\u00e8re. Ils ont \u00e9t\u00e9 re\u00e7us \u00e0 Montreux-Vieux par des gendarmes allemands qui les ont escortes jusqu&rsquo;\u00e0 Mulhouse. Samedi soir, le train express n\u00a0\u00bb 118 les emportait \u00e0 Hambourg o\u00f9 ils seront jug\u00e9s.<\/p>\n\n\n\n<p>Sources&nbsp;: L\u2019Express 26 ao\u00fbt 1888<\/p>\n","protected":false},"excerpt":{"rendered":"<p>Transport de prisonniers. \u2014 Deux caissiers qui avaient priais fuite apr\u00e8s avoir vol\u00e9 \u00e0 Hambourg 100,000 m. \u00e9taient poursuivis par la police depuis assez longtemps. Les deux fugitifs ont \u00e9t\u00e9 arr\u00eat\u00e9s au Havre et reconduits \u00e0 la fronti\u00e8re. Ils ont &hellip; <a href=\"https:\/\/montreux-vieux.net\/?page_id=20904\">Continuer la lecture <span class=\"meta-nav\">&rarr;<\/span><\/a><\/p>\n","protected":false},"author":1,"featured_media":0,"parent":20403,"menu_order":35,"comment_status":"closed","ping_status":"open","template":"","meta":{"footnotes":""},"class_list":["post-20904","page","type-page","status-publish","hentry"],"_links":{"self":[{"href":"https:\/\/montreux-vieux.net\/index.php?rest_route=\/wp\/v2\/pages\/20904","targetHints":{"allow":["GET"]}}],"collection":[{"href":"https:\/\/montreux-vieux.net\/index.php?rest_route=\/wp\/v2\/pages"}],"about":[{"href":"https:\/\/montreux-vieux.net\/index.php?rest_route=\/wp\/v2\/types\/page"}],"author":[{"embeddable":true,"href":"https:\/\/montreux-vieux.net\/index.php?rest_route=\/wp\/v2\/users\/1"}],"replies":[{"embeddable":true,"href":"https:\/\/montreux-vieux.net\/index.php?rest_route=%2Fwp%2Fv2%2Fcomments&post=20904"}],"version-history":[{"count":1,"href":"https:\/\/montreux-vieux.net\/index.php?rest_route=\/wp\/v2\/pages\/20904\/revisions"}],"predecessor-version":[{"id":20905,"href":"https:\/\/montreux-vieux.net\/index.php?rest_route=\/wp\/v2\/pages\/20904\/revisions\/20905"}],"up":[{"embeddable":true,"href":"https:\/\/montreux-vieux.net\/index.php?rest_route=\/wp\/v2\/pages\/20403"}],"wp:attachment":[{"href":"https:\/\/montreux-vieux.net\/index.php?rest_route=%2Fwp%2Fv2%2Fmedia&parent=20904"}],"curies":[{"name":"wp","href":"https:\/\/api.w.org\/{rel}","templated":true}]}}