{"id":20929,"date":"2020-09-12T09:32:13","date_gmt":"2020-09-12T08:32:13","guid":{"rendered":"http:\/\/montreux-vieux.net\/?page_id=20929"},"modified":"2020-09-12T09:32:13","modified_gmt":"2020-09-12T08:32:13","slug":"un-automobiliste-renverse-un-ouvrier","status":"publish","type":"page","link":"https:\/\/montreux-vieux.net\/?page_id=20929","title":{"rendered":"Un automobiliste renverse un ouvrier."},"content":{"rendered":"\n<p>Un automobiliste renverse un ouvrier. \u2014 L\u2019autre jour, M. L. F., accompagn\u00e9 de sa femme, roulait en voiture sur la route de Montreux-Vieux \u00e0 Montreux-le-Ch\u00e2teau. Soudain, un ouvrier traversa la route pour chercher son n\u00e9cessaire de p\u00eache sur l\u2019autre c\u00f4t\u00e9 du talus. Il le renversa par le garde-boue. L\u2019 automobiliste transporta imm\u00e9diatement la victime de l&rsquo;accident chez un m\u00e9decin, qui ne constata que des blessures sans gravit\u00e9, dans les jambes et \u00e0 l\u2019\u00e9paule, provenant du choc et de fa chute.<\/p>\n\n\n\n<p>Sources Express de Mulhouse 16 ao\u00fbt 1937<\/p>\n","protected":false},"excerpt":{"rendered":"<p>Un automobiliste renverse un ouvrier. \u2014 L\u2019autre jour, M. L. F., accompagn\u00e9 de sa femme, roulait en voiture sur la route de Montreux-Vieux \u00e0 Montreux-le-Ch\u00e2teau. Soudain, un ouvrier traversa la route pour chercher son n\u00e9cessaire de p\u00eache sur l\u2019autre c\u00f4t\u00e9 &hellip; <a href=\"https:\/\/montreux-vieux.net\/?page_id=20929\">Continuer la lecture <span class=\"meta-nav\">&rarr;<\/span><\/a><\/p>\n","protected":false},"author":1,"featured_media":0,"parent":13044,"menu_order":665,"comment_status":"closed","ping_status":"open","template":"","meta":{"footnotes":""},"class_list":["post-20929","page","type-page","status-publish","hentry"],"_links":{"self":[{"href":"https:\/\/montreux-vieux.net\/index.php?rest_route=\/wp\/v2\/pages\/20929","targetHints":{"allow":["GET"]}}],"collection":[{"href":"https:\/\/montreux-vieux.net\/index.php?rest_route=\/wp\/v2\/pages"}],"about":[{"href":"https:\/\/montreux-vieux.net\/index.php?rest_route=\/wp\/v2\/types\/page"}],"author":[{"embeddable":true,"href":"https:\/\/montreux-vieux.net\/index.php?rest_route=\/wp\/v2\/users\/1"}],"replies":[{"embeddable":true,"href":"https:\/\/montreux-vieux.net\/index.php?rest_route=%2Fwp%2Fv2%2Fcomments&post=20929"}],"version-history":[{"count":1,"href":"https:\/\/montreux-vieux.net\/index.php?rest_route=\/wp\/v2\/pages\/20929\/revisions"}],"predecessor-version":[{"id":20930,"href":"https:\/\/montreux-vieux.net\/index.php?rest_route=\/wp\/v2\/pages\/20929\/revisions\/20930"}],"up":[{"embeddable":true,"href":"https:\/\/montreux-vieux.net\/index.php?rest_route=\/wp\/v2\/pages\/13044"}],"wp:attachment":[{"href":"https:\/\/montreux-vieux.net\/index.php?rest_route=%2Fwp%2Fv2%2Fmedia&parent=20929"}],"curies":[{"name":"wp","href":"https:\/\/api.w.org\/{rel}","templated":true}]}}