{"id":20941,"date":"2020-09-12T16:26:48","date_gmt":"2020-09-12T15:26:48","guid":{"rendered":"http:\/\/montreux-vieux.net\/?page_id=20941"},"modified":"2020-09-12T16:26:48","modified_gmt":"2020-09-12T15:26:48","slug":"les-petites-boites-du-matin","status":"publish","type":"page","link":"https:\/\/montreux-vieux.net\/?page_id=20941","title":{"rendered":"Les petites boites du Matin"},"content":{"rendered":"\n<p>Un de nos amis habitant l&rsquo;Alsace, avant de retourner dans son pays, s&rsquo;\u00e9tait muni d&rsquo;une dizaine de petites bo\u00eetes du Matin. II comptait ainsi charmer les ennuis de la s\u00e9paration. &#8211;D&rsquo;ailleurs, il s&rsquo;\u00e9tait muni de tous les passeports r\u00e9glementaires pour rentrer dans sa patrie.<\/p>\n\n\n\n<p>A la douane de Montreux-Vieux, un douanier z\u00e9l\u00e9 aper\u00e7ut ces bo\u00eetes contenant sept petites boules color\u00e9es et l&rsquo;inscription fran\u00e7aise le Matin Ou&rsquo;est-ce que cela s&rsquo;\u00e9cria-t-il.<\/p>\n\n\n\n<p>Un jeu d\u00e9 patience. Faut-il acquitter des droits?<\/p>\n\n\n\n<p>Pas d&rsquo;explication 1 Les bo\u00eetes sont saisies. Il n&rsquo;est gu\u00e8re admissible que le douanier et le gendarme qui l&rsquo;assistaient aient pris nos petites billes pour des bombes \u00e0 la nitro-glyc\u00e9rine. Une seule explication est plausible c&rsquo;est que parmi ces boules il y en a une bleue, une blanche, une rouge et qu&rsquo;elles doivent \u00eatre plac\u00e9es l&rsquo;une aupr\u00e8s de l&rsquo;autre, bien qu&rsquo;en ordre inverse au drapeau fran\u00e7ais.<\/p>\n\n\n\n<p>Seulement, le douanier n&rsquo;a pas song\u00e9 qu&rsquo;on pouvait aussi former avec ces billes les couleurs du drapeau allemand, noir, blanc, rouge. On peut aussi former le drapeau italien, le drapeau espagnol, le drapeau roumain; car les combinaisons diverses des sept couleurs ont fourni Il tous les peuples des embl\u00e8mes.<\/p>\n\n\n\n<p>Trop de z\u00e9l\u00e9, douanier allemand !<\/p>\n\n\n\n<p>Sources&nbsp;: Le Matin 6 septembre 1889<\/p>\n","protected":false},"excerpt":{"rendered":"<p>Un de nos amis habitant l&rsquo;Alsace, avant de retourner dans son pays, s&rsquo;\u00e9tait muni d&rsquo;une dizaine de petites bo\u00eetes du Matin. II comptait ainsi charmer les ennuis de la s\u00e9paration. &#8211;D&rsquo;ailleurs, il s&rsquo;\u00e9tait muni de tous les passeports r\u00e9glementaires pour &hellip; <a href=\"https:\/\/montreux-vieux.net\/?page_id=20941\">Continuer la lecture <span class=\"meta-nav\">&rarr;<\/span><\/a><\/p>\n","protected":false},"author":1,"featured_media":0,"parent":13130,"menu_order":50,"comment_status":"closed","ping_status":"open","template":"","meta":{"footnotes":""},"class_list":["post-20941","page","type-page","status-publish","hentry"],"_links":{"self":[{"href":"https:\/\/montreux-vieux.net\/index.php?rest_route=\/wp\/v2\/pages\/20941","targetHints":{"allow":["GET"]}}],"collection":[{"href":"https:\/\/montreux-vieux.net\/index.php?rest_route=\/wp\/v2\/pages"}],"about":[{"href":"https:\/\/montreux-vieux.net\/index.php?rest_route=\/wp\/v2\/types\/page"}],"author":[{"embeddable":true,"href":"https:\/\/montreux-vieux.net\/index.php?rest_route=\/wp\/v2\/users\/1"}],"replies":[{"embeddable":true,"href":"https:\/\/montreux-vieux.net\/index.php?rest_route=%2Fwp%2Fv2%2Fcomments&post=20941"}],"version-history":[{"count":1,"href":"https:\/\/montreux-vieux.net\/index.php?rest_route=\/wp\/v2\/pages\/20941\/revisions"}],"predecessor-version":[{"id":20942,"href":"https:\/\/montreux-vieux.net\/index.php?rest_route=\/wp\/v2\/pages\/20941\/revisions\/20942"}],"up":[{"embeddable":true,"href":"https:\/\/montreux-vieux.net\/index.php?rest_route=\/wp\/v2\/pages\/13130"}],"wp:attachment":[{"href":"https:\/\/montreux-vieux.net\/index.php?rest_route=%2Fwp%2Fv2%2Fmedia&parent=20941"}],"curies":[{"name":"wp","href":"https:\/\/api.w.org\/{rel}","templated":true}]}}