{"id":21014,"date":"2020-09-17T16:41:59","date_gmt":"2020-09-17T15:41:59","guid":{"rendered":"http:\/\/montreux-vieux.net\/?page_id=21014"},"modified":"2020-09-17T16:41:59","modified_gmt":"2020-09-17T15:41:59","slug":"100-frs-pour-le-bureau-de-bienfaisance","status":"publish","type":"page","link":"https:\/\/montreux-vieux.net\/?page_id=21014","title":{"rendered":"100 frs pour le bureau de bienfaisance"},"content":{"rendered":"\n<p>\u00a0A la suite du concert donn\u00e9 samedi 5 avril par\u00a0\u00bb l\u2019Estudiantina\u00a0\u00bb de Montreux-Vieux, le pr\u00e9sident de cette soci\u00e9t\u00e9 a remis sur la recette la somme de 100\u00a0 francs pour le bureau de bienfaisance de Giromagny.<\/p>\n\n\n\n<p>Sources&nbsp;: Le R\u00e9publicain de Belfort 16 avril 1930<\/p>\n","protected":false},"excerpt":{"rendered":"<p>\u00a0A la suite du concert donn\u00e9 samedi 5 avril par\u00a0\u00bb l\u2019Estudiantina\u00a0\u00bb de Montreux-Vieux, le pr\u00e9sident de cette soci\u00e9t\u00e9 a remis sur la recette la somme de 100\u00a0 francs pour le bureau de bienfaisance de Giromagny. Sources&nbsp;: Le R\u00e9publicain de Belfort &hellip; <a href=\"https:\/\/montreux-vieux.net\/?page_id=21014\">Continuer la lecture <span class=\"meta-nav\">&rarr;<\/span><\/a><\/p>\n","protected":false},"author":1,"featured_media":0,"parent":12669,"menu_order":25,"comment_status":"closed","ping_status":"open","template":"","meta":{"footnotes":""},"class_list":["post-21014","page","type-page","status-publish","hentry"],"_links":{"self":[{"href":"https:\/\/montreux-vieux.net\/index.php?rest_route=\/wp\/v2\/pages\/21014","targetHints":{"allow":["GET"]}}],"collection":[{"href":"https:\/\/montreux-vieux.net\/index.php?rest_route=\/wp\/v2\/pages"}],"about":[{"href":"https:\/\/montreux-vieux.net\/index.php?rest_route=\/wp\/v2\/types\/page"}],"author":[{"embeddable":true,"href":"https:\/\/montreux-vieux.net\/index.php?rest_route=\/wp\/v2\/users\/1"}],"replies":[{"embeddable":true,"href":"https:\/\/montreux-vieux.net\/index.php?rest_route=%2Fwp%2Fv2%2Fcomments&post=21014"}],"version-history":[{"count":1,"href":"https:\/\/montreux-vieux.net\/index.php?rest_route=\/wp\/v2\/pages\/21014\/revisions"}],"predecessor-version":[{"id":21015,"href":"https:\/\/montreux-vieux.net\/index.php?rest_route=\/wp\/v2\/pages\/21014\/revisions\/21015"}],"up":[{"embeddable":true,"href":"https:\/\/montreux-vieux.net\/index.php?rest_route=\/wp\/v2\/pages\/12669"}],"wp:attachment":[{"href":"https:\/\/montreux-vieux.net\/index.php?rest_route=%2Fwp%2Fv2%2Fmedia&parent=21014"}],"curies":[{"name":"wp","href":"https:\/\/api.w.org\/{rel}","templated":true}]}}