{"id":21026,"date":"2020-09-18T16:02:40","date_gmt":"2020-09-18T15:02:40","guid":{"rendered":"http:\/\/montreux-vieux.net\/?page_id=21026"},"modified":"2020-10-03T16:40:55","modified_gmt":"2020-10-03T15:40:55","slug":"accident","status":"publish","type":"page","link":"https:\/\/montreux-vieux.net\/?page_id=21026","title":{"rendered":"Accident"},"content":{"rendered":"\n<p>Accident. \u2014 Mercredi, vers 17 heures, Ren\u00e9e Monteil, \u00e2g\u00e9e de 8 ans, revenant de l\u2019\u00e9cole en suivant la route nationale, fut renvers\u00e9e par le cycliste Besan\u00e7on, L\u00e9on, 22 ans, manoeuvre, demeurant \u00e0 Montreux-Vieux.<\/p>\n\n\n\n<p>Sans s\u2019inqui\u00e9ter des suites de l\u2019accident qu\u2019il venait de provoquer, le cycliste continua sa roule.<\/p>\n\n\n\n<p>La fillette fut ramen\u00e9e chez ses parents par deux jeunes filles.<\/p>\n\n\n\n<p>Sources\u00a0: Le R\u00e9publicain de Belfort 21 d\u00e9cembre 1932<\/p>\n\n\n\n<p>Acquittement. \u2014 On se souvient de cette affaire : le 14 d\u00e9cembre, \u00e0 Foussenage, \u00e9tant \u00e0 bicyclette, M. L\u00e9on Besan\u00e7on 22 ans.demeurant \u00e0 Montreux-Vieux, a renvers\u00e9 et caus\u00e9 des blessures \u00e0 la jeune Monteil Ben\u00e9e. Apr\u00e8s l\u2019accident faute plus grave, il omit de s\u2019arr\u00eater.<\/p>\n\n\n\n<p>Le tribunal lui a inflig\u00e9 vendredi 100 francs d\u2019amende avec sursis, et une autre amende de 5 francs.<\/p>\n\n\n\n<p>Sources&nbsp;: Le R\u00e9publicain de Belfort 18 janvier 1933<\/p>\n","protected":false},"excerpt":{"rendered":"<p>Accident. \u2014 Mercredi, vers 17 heures, Ren\u00e9e Monteil, \u00e2g\u00e9e de 8 ans, revenant de l\u2019\u00e9cole en suivant la route nationale, fut renvers\u00e9e par le cycliste Besan\u00e7on, L\u00e9on, 22 ans, manoeuvre, demeurant \u00e0 Montreux-Vieux. Sans s\u2019inqui\u00e9ter des suites de l\u2019accident qu\u2019il &hellip; <a href=\"https:\/\/montreux-vieux.net\/?page_id=21026\">Continuer la lecture <span class=\"meta-nav\">&rarr;<\/span><\/a><\/p>\n","protected":false},"author":1,"featured_media":0,"parent":13044,"menu_order":685,"comment_status":"closed","ping_status":"open","template":"","meta":{"footnotes":""},"class_list":["post-21026","page","type-page","status-publish","hentry"],"_links":{"self":[{"href":"https:\/\/montreux-vieux.net\/index.php?rest_route=\/wp\/v2\/pages\/21026","targetHints":{"allow":["GET"]}}],"collection":[{"href":"https:\/\/montreux-vieux.net\/index.php?rest_route=\/wp\/v2\/pages"}],"about":[{"href":"https:\/\/montreux-vieux.net\/index.php?rest_route=\/wp\/v2\/types\/page"}],"author":[{"embeddable":true,"href":"https:\/\/montreux-vieux.net\/index.php?rest_route=\/wp\/v2\/users\/1"}],"replies":[{"embeddable":true,"href":"https:\/\/montreux-vieux.net\/index.php?rest_route=%2Fwp%2Fv2%2Fcomments&post=21026"}],"version-history":[{"count":2,"href":"https:\/\/montreux-vieux.net\/index.php?rest_route=\/wp\/v2\/pages\/21026\/revisions"}],"predecessor-version":[{"id":21365,"href":"https:\/\/montreux-vieux.net\/index.php?rest_route=\/wp\/v2\/pages\/21026\/revisions\/21365"}],"up":[{"embeddable":true,"href":"https:\/\/montreux-vieux.net\/index.php?rest_route=\/wp\/v2\/pages\/13044"}],"wp:attachment":[{"href":"https:\/\/montreux-vieux.net\/index.php?rest_route=%2Fwp%2Fv2%2Fmedia&parent=21026"}],"curies":[{"name":"wp","href":"https:\/\/api.w.org\/{rel}","templated":true}]}}

<p>Accident. — Mercredi, vers 17 heures, Renée Monteil, âgée de 8 ans, revenant de l’école en suivant la route nationale, fut renversée par le cycliste Besançon, Léon, 22 ans, manoeuvre, demeurant à Montreux-Vieux.</p>



<p>Sans s’inquiéter des suites de l’accident qu’il venait de provoquer, le cycliste continua sa roule.</p>



<p>La fillette fut ramenée chez ses parents par deux jeunes filles.</p>



<p>Sources : Le Républicain de Belfort 21 décembre 1932</p>



<p>Acquittement. — On se souvient de cette affaire : le 14 décembre, à Foussenage, étant à bicyclette, M. Léon Besançon 22 ans.demeurant à Montreux-Vieux, a renversé et causé des blessures à la jeune Monteil Benée. Après l’accident faute plus grave, il omit de s’arrêter.</p>



<p>Le tribunal lui a infligé vendredi 100 francs d’amende avec sursis, et une autre amende de 5 francs.</p>



<p>Sources&nbsp;: Le Républicain de Belfort 18 janvier 1933</p>

<p>Accident. — Mercredi, vers 17 heures, Renée Monteil, âgée de 8 ans, revenant de l’école en suivant la route nationale, fut renversée par le cycliste Besançon, Léon, 22 ans, manoeuvre, demeurant à Montreux-Vieux. Sans s’inquiéter des suites de l’accident qu’il &hellip; <a href="https://montreux-vieux.net/?page_id=21026">Continuer la lecture <span class="meta-nav">&rarr;</span></a></p>
