{"id":21029,"date":"2020-09-18T16:05:45","date_gmt":"2020-09-18T15:05:45","guid":{"rendered":"http:\/\/montreux-vieux.net\/?page_id=21029"},"modified":"2020-09-18T16:05:45","modified_gmt":"2020-09-18T15:05:45","slug":"cambriolage","status":"publish","type":"page","link":"https:\/\/montreux-vieux.net\/?page_id=21029","title":{"rendered":"Cambriolage"},"content":{"rendered":"\n<p>MONTREUX-VIEUX. La semane pass\u00e9e un individu entra, en for\u00e7ant la porte, dans la maison du cultivateur B et la famille \u00e9tant&nbsp; absente, le cambrioleur pu s\u2019emparer&nbsp; entre autres choses d\u2019une somme de 350 fr. Des ouvriers l\u2019on vu chiner dans le corridor. Cependant comme il commen\u00e7ait&nbsp; \u00e0 pleuvoir, ils \u00e9taient sans m\u00e9fiance croyant qu&rsquo;il voulait s&rsquo;abriter l\u00e0.<\/p>\n\n\n\n<p>Sources&nbsp;: L\u2019Express 5 ao\u00fbt 1921<\/p>\n","protected":false},"excerpt":{"rendered":"<p>MONTREUX-VIEUX. La semane pass\u00e9e un individu entra, en for\u00e7ant la porte, dans la maison du cultivateur B et la famille \u00e9tant&nbsp; absente, le cambrioleur pu s\u2019emparer&nbsp; entre autres choses d\u2019une somme de 350 fr. Des ouvriers l\u2019on vu chiner dans &hellip; <a href=\"https:\/\/montreux-vieux.net\/?page_id=21029\">Continuer la lecture <span class=\"meta-nav\">&rarr;<\/span><\/a><\/p>\n","protected":false},"author":1,"featured_media":0,"parent":13044,"menu_order":690,"comment_status":"closed","ping_status":"open","template":"","meta":{"footnotes":""},"class_list":["post-21029","page","type-page","status-publish","hentry"],"_links":{"self":[{"href":"https:\/\/montreux-vieux.net\/index.php?rest_route=\/wp\/v2\/pages\/21029","targetHints":{"allow":["GET"]}}],"collection":[{"href":"https:\/\/montreux-vieux.net\/index.php?rest_route=\/wp\/v2\/pages"}],"about":[{"href":"https:\/\/montreux-vieux.net\/index.php?rest_route=\/wp\/v2\/types\/page"}],"author":[{"embeddable":true,"href":"https:\/\/montreux-vieux.net\/index.php?rest_route=\/wp\/v2\/users\/1"}],"replies":[{"embeddable":true,"href":"https:\/\/montreux-vieux.net\/index.php?rest_route=%2Fwp%2Fv2%2Fcomments&post=21029"}],"version-history":[{"count":1,"href":"https:\/\/montreux-vieux.net\/index.php?rest_route=\/wp\/v2\/pages\/21029\/revisions"}],"predecessor-version":[{"id":21030,"href":"https:\/\/montreux-vieux.net\/index.php?rest_route=\/wp\/v2\/pages\/21029\/revisions\/21030"}],"up":[{"embeddable":true,"href":"https:\/\/montreux-vieux.net\/index.php?rest_route=\/wp\/v2\/pages\/13044"}],"wp:attachment":[{"href":"https:\/\/montreux-vieux.net\/index.php?rest_route=%2Fwp%2Fv2%2Fmedia&parent=21029"}],"curies":[{"name":"wp","href":"https:\/\/api.w.org\/{rel}","templated":true}]}}