{"id":21045,"date":"2020-09-19T09:51:20","date_gmt":"2020-09-19T08:51:20","guid":{"rendered":"http:\/\/montreux-vieux.net\/?page_id=21045"},"modified":"2020-09-19T09:51:20","modified_gmt":"2020-09-19T08:51:20","slug":"trois-doigts-ecrases","status":"publish","type":"page","link":"https:\/\/montreux-vieux.net\/?page_id=21045","title":{"rendered":"Trois doigts \u00e9cras\u00e9s"},"content":{"rendered":"\n<p>Alt-M\u00fcnsterol (Montreux-Vieux) . \u2014 On nous \u00e9crit le 8 : un homme d\u2019\u00e9quipe, le nomm\u00e9 Joseph Kayser, de Saint-Ulrich, \u00e9tait occup\u00e9 ce matin \u00e0 empiler des pierres de taille, lorsque soudain l\u2019une d\u2019elle lui tomba sur la main droite et lui \u00e9crasa deux ou trois doigts. Apr\u00e8s avoir re\u00e7u les premiers soins d\u2019un m\u00e9decin, il a \u00e9t\u00e9 transporte \u00e0 l\u2019h\u00f4pital de Dannemarie, o\u00f9 il faudra probablement lui amputer un ou deux doigts.<\/p>\n\n\n\n<p>Sources&nbsp;: L\u2019Express 4 octobre 1890<\/p>\n","protected":false},"excerpt":{"rendered":"<p>Alt-M\u00fcnsterol (Montreux-Vieux) . \u2014 On nous \u00e9crit le 8 : un homme d\u2019\u00e9quipe, le nomm\u00e9 Joseph Kayser, de Saint-Ulrich, \u00e9tait occup\u00e9 ce matin \u00e0 empiler des pierres de taille, lorsque soudain l\u2019une d\u2019elle lui tomba sur la main droite et &hellip; <a href=\"https:\/\/montreux-vieux.net\/?page_id=21045\">Continuer la lecture <span class=\"meta-nav\">&rarr;<\/span><\/a><\/p>\n","protected":false},"author":1,"featured_media":0,"parent":13009,"menu_order":115,"comment_status":"closed","ping_status":"open","template":"","meta":{"footnotes":""},"class_list":["post-21045","page","type-page","status-publish","hentry"],"_links":{"self":[{"href":"https:\/\/montreux-vieux.net\/index.php?rest_route=\/wp\/v2\/pages\/21045","targetHints":{"allow":["GET"]}}],"collection":[{"href":"https:\/\/montreux-vieux.net\/index.php?rest_route=\/wp\/v2\/pages"}],"about":[{"href":"https:\/\/montreux-vieux.net\/index.php?rest_route=\/wp\/v2\/types\/page"}],"author":[{"embeddable":true,"href":"https:\/\/montreux-vieux.net\/index.php?rest_route=\/wp\/v2\/users\/1"}],"replies":[{"embeddable":true,"href":"https:\/\/montreux-vieux.net\/index.php?rest_route=%2Fwp%2Fv2%2Fcomments&post=21045"}],"version-history":[{"count":1,"href":"https:\/\/montreux-vieux.net\/index.php?rest_route=\/wp\/v2\/pages\/21045\/revisions"}],"predecessor-version":[{"id":21046,"href":"https:\/\/montreux-vieux.net\/index.php?rest_route=\/wp\/v2\/pages\/21045\/revisions\/21046"}],"up":[{"embeddable":true,"href":"https:\/\/montreux-vieux.net\/index.php?rest_route=\/wp\/v2\/pages\/13009"}],"wp:attachment":[{"href":"https:\/\/montreux-vieux.net\/index.php?rest_route=%2Fwp%2Fv2%2Fmedia&parent=21045"}],"curies":[{"name":"wp","href":"https:\/\/api.w.org\/{rel}","templated":true}]}}