{"id":21061,"date":"2020-09-21T15:35:20","date_gmt":"2020-09-21T14:35:20","guid":{"rendered":"http:\/\/montreux-vieux.net\/?page_id=21061"},"modified":"2020-09-21T15:35:20","modified_gmt":"2020-09-21T14:35:20","slug":"accident-de-voiture","status":"publish","type":"page","link":"https:\/\/montreux-vieux.net\/?page_id=21061","title":{"rendered":"Accident de voiture"},"content":{"rendered":"\n<p>Vers 18 heures, le nomm\u00e9 Rolin Camille, 30 ans, employ\u00e9 de chemins de fer, demeurant \u00e0 Montreux-Vieux, qui pilotait la voiture automobile n\u00a0\u00bb -1721 B.Z., voulant \u00e9viter un cycliste qui d\u00e9bouchait le la rue L\u00e9pine, a donn\u00e9 un coup de volant a gauche. Son v\u00e9hicule \u00e0 \u00e9t\u00e9 accroch\u00e9 et renvers\u00e9 sur son c\u00f4t\u00e9 droit par un car des T. E. B. venant dans la m\u00eame direction, et pilot\u00e9 par le nomm\u00e9 Lesure Henri, 36 ans, demeurant 102, avenue JeanJaur\u00e8s. Pas d\u2019accident de personnes. D\u00e9g\u00e2ts mat\u00e9riels \u00e0 l&rsquo;automobile.<\/p>\n\n\n\n<p>Sources&nbsp;: Le R\u00e9publicain de Belfort 23 septembre 1933<\/p>\n","protected":false},"excerpt":{"rendered":"<p>Vers 18 heures, le nomm\u00e9 Rolin Camille, 30 ans, employ\u00e9 de chemins de fer, demeurant \u00e0 Montreux-Vieux, qui pilotait la voiture automobile n\u00a0\u00bb -1721 B.Z., voulant \u00e9viter un cycliste qui d\u00e9bouchait le la rue L\u00e9pine, a donn\u00e9 un coup de &hellip; <a href=\"https:\/\/montreux-vieux.net\/?page_id=21061\">Continuer la lecture <span class=\"meta-nav\">&rarr;<\/span><\/a><\/p>\n","protected":false},"author":1,"featured_media":0,"parent":13044,"menu_order":715,"comment_status":"closed","ping_status":"open","template":"","meta":{"footnotes":""},"class_list":["post-21061","page","type-page","status-publish","hentry"],"_links":{"self":[{"href":"https:\/\/montreux-vieux.net\/index.php?rest_route=\/wp\/v2\/pages\/21061","targetHints":{"allow":["GET"]}}],"collection":[{"href":"https:\/\/montreux-vieux.net\/index.php?rest_route=\/wp\/v2\/pages"}],"about":[{"href":"https:\/\/montreux-vieux.net\/index.php?rest_route=\/wp\/v2\/types\/page"}],"author":[{"embeddable":true,"href":"https:\/\/montreux-vieux.net\/index.php?rest_route=\/wp\/v2\/users\/1"}],"replies":[{"embeddable":true,"href":"https:\/\/montreux-vieux.net\/index.php?rest_route=%2Fwp%2Fv2%2Fcomments&post=21061"}],"version-history":[{"count":1,"href":"https:\/\/montreux-vieux.net\/index.php?rest_route=\/wp\/v2\/pages\/21061\/revisions"}],"predecessor-version":[{"id":21062,"href":"https:\/\/montreux-vieux.net\/index.php?rest_route=\/wp\/v2\/pages\/21061\/revisions\/21062"}],"up":[{"embeddable":true,"href":"https:\/\/montreux-vieux.net\/index.php?rest_route=\/wp\/v2\/pages\/13044"}],"wp:attachment":[{"href":"https:\/\/montreux-vieux.net\/index.php?rest_route=%2Fwp%2Fv2%2Fmedia&parent=21061"}],"curies":[{"name":"wp","href":"https:\/\/api.w.org\/{rel}","templated":true}]}}