{"id":21065,"date":"2020-09-21T15:41:54","date_gmt":"2020-09-21T14:41:54","guid":{"rendered":"http:\/\/montreux-vieux.net\/?page_id=21065"},"modified":"2020-09-21T15:41:54","modified_gmt":"2020-09-21T14:41:54","slug":"reclusion-pour-une-serie-de-vols","status":"publish","type":"page","link":"https:\/\/montreux-vieux.net\/?page_id=21065","title":{"rendered":"R\u00e9clusion pour une s\u00e9rie de vols"},"content":{"rendered":"\n<p>Tribunal correctionnel de Mulhouse audience du 15 novembre L\u2019ouvrier de fabrique Auguste Leder, \u00e2g\u00e9 de 22 ans, \u00e0 Huningue, a d\u00e9j\u00e0 subi 2 ans de r\u00e9clusion pour avoir commis une s\u00e9rie de vols en 1908. Le 13 septembre dernier, il s\u2019empara \u00e0 B\u00e2le d&rsquo;une bicyclette d\u2019une valeur de 100 Mark, appartenant \u00e0 M. Wuest, douanier. Leder tenta de vendre la machine \u00e0 Montreux Vieux, ou il fut pris sur le fait. L\u2019accus\u00e9 est condamn\u00e9 pour vol en \u00e9tat do r\u00e9cidive \u00e0 18 mois de r\u00e9clusion, et la perte do ses droits civiques pendant 10 ans et \u00e0 la surveillance.<\/p>\n\n\n\n<p>Sources&nbsp;: L\u2019Express 18 novembre 1912<\/p>\n","protected":false},"excerpt":{"rendered":"<p>Tribunal correctionnel de Mulhouse audience du 15 novembre L\u2019ouvrier de fabrique Auguste Leder, \u00e2g\u00e9 de 22 ans, \u00e0 Huningue, a d\u00e9j\u00e0 subi 2 ans de r\u00e9clusion pour avoir commis une s\u00e9rie de vols en 1908. Le 13 septembre dernier, il &hellip; <a href=\"https:\/\/montreux-vieux.net\/?page_id=21065\">Continuer la lecture <span class=\"meta-nav\">&rarr;<\/span><\/a><\/p>\n","protected":false},"author":1,"featured_media":0,"parent":13044,"menu_order":720,"comment_status":"closed","ping_status":"open","template":"","meta":{"footnotes":""},"class_list":["post-21065","page","type-page","status-publish","hentry"],"_links":{"self":[{"href":"https:\/\/montreux-vieux.net\/index.php?rest_route=\/wp\/v2\/pages\/21065","targetHints":{"allow":["GET"]}}],"collection":[{"href":"https:\/\/montreux-vieux.net\/index.php?rest_route=\/wp\/v2\/pages"}],"about":[{"href":"https:\/\/montreux-vieux.net\/index.php?rest_route=\/wp\/v2\/types\/page"}],"author":[{"embeddable":true,"href":"https:\/\/montreux-vieux.net\/index.php?rest_route=\/wp\/v2\/users\/1"}],"replies":[{"embeddable":true,"href":"https:\/\/montreux-vieux.net\/index.php?rest_route=%2Fwp%2Fv2%2Fcomments&post=21065"}],"version-history":[{"count":1,"href":"https:\/\/montreux-vieux.net\/index.php?rest_route=\/wp\/v2\/pages\/21065\/revisions"}],"predecessor-version":[{"id":21066,"href":"https:\/\/montreux-vieux.net\/index.php?rest_route=\/wp\/v2\/pages\/21065\/revisions\/21066"}],"up":[{"embeddable":true,"href":"https:\/\/montreux-vieux.net\/index.php?rest_route=\/wp\/v2\/pages\/13044"}],"wp:attachment":[{"href":"https:\/\/montreux-vieux.net\/index.php?rest_route=%2Fwp%2Fv2%2Fmedia&parent=21065"}],"curies":[{"name":"wp","href":"https:\/\/api.w.org\/{rel}","templated":true}]}}