{"id":21117,"date":"2020-09-25T08:49:58","date_gmt":"2020-09-25T07:49:58","guid":{"rendered":"http:\/\/montreux-vieux.net\/?page_id=21117"},"modified":"2020-09-25T08:49:58","modified_gmt":"2020-09-25T07:49:58","slug":"deserteur","status":"publish","type":"page","link":"https:\/\/montreux-vieux.net\/?page_id=21117","title":{"rendered":"D\u00e9serteur"},"content":{"rendered":"\n<p>D\u00e9serteur. \u2014 Un jeune Mulhousien, incorpor\u00e9 \u00e0 Mayence, avait d\u00e9sert\u00e9 son r\u00e9giment. il y a quelques jours. Il s\u2019\u00e9tait dirig\u00e9 vers la fronti\u00e8re fran\u00e7aise et \u00e9tait d\u00e9j\u00e0 parvenu \u00e0 Montreux-Vieux, quand il a \u00e9t\u00e9 arr\u00eat\u00e9. Il vient d\u2019\u00eatre ramen\u00e9 ici \u00e0 la disposition des autorit\u00e9s militaires qui l\u2019enverront \u00e0 Mayence o\u00f9 il sera jug\u00e9.<\/p>\n\n\n\n<p>Sources&nbsp;: Express 6 d\u00e9cembre 1889<\/p>\n","protected":false},"excerpt":{"rendered":"<p>D\u00e9serteur. \u2014 Un jeune Mulhousien, incorpor\u00e9 \u00e0 Mayence, avait d\u00e9sert\u00e9 son r\u00e9giment. il y a quelques jours. Il s\u2019\u00e9tait dirig\u00e9 vers la fronti\u00e8re fran\u00e7aise et \u00e9tait d\u00e9j\u00e0 parvenu \u00e0 Montreux-Vieux, quand il a \u00e9t\u00e9 arr\u00eat\u00e9. Il vient d\u2019\u00eatre ramen\u00e9 ici &hellip; <a href=\"https:\/\/montreux-vieux.net\/?page_id=21117\">Continuer la lecture <span class=\"meta-nav\">&rarr;<\/span><\/a><\/p>\n","protected":false},"author":1,"featured_media":0,"parent":20403,"menu_order":75,"comment_status":"closed","ping_status":"open","template":"","meta":{"footnotes":""},"class_list":["post-21117","page","type-page","status-publish","hentry"],"_links":{"self":[{"href":"https:\/\/montreux-vieux.net\/index.php?rest_route=\/wp\/v2\/pages\/21117","targetHints":{"allow":["GET"]}}],"collection":[{"href":"https:\/\/montreux-vieux.net\/index.php?rest_route=\/wp\/v2\/pages"}],"about":[{"href":"https:\/\/montreux-vieux.net\/index.php?rest_route=\/wp\/v2\/types\/page"}],"author":[{"embeddable":true,"href":"https:\/\/montreux-vieux.net\/index.php?rest_route=\/wp\/v2\/users\/1"}],"replies":[{"embeddable":true,"href":"https:\/\/montreux-vieux.net\/index.php?rest_route=%2Fwp%2Fv2%2Fcomments&post=21117"}],"version-history":[{"count":1,"href":"https:\/\/montreux-vieux.net\/index.php?rest_route=\/wp\/v2\/pages\/21117\/revisions"}],"predecessor-version":[{"id":21118,"href":"https:\/\/montreux-vieux.net\/index.php?rest_route=\/wp\/v2\/pages\/21117\/revisions\/21118"}],"up":[{"embeddable":true,"href":"https:\/\/montreux-vieux.net\/index.php?rest_route=\/wp\/v2\/pages\/20403"}],"wp:attachment":[{"href":"https:\/\/montreux-vieux.net\/index.php?rest_route=%2Fwp%2Fv2%2Fmedia&parent=21117"}],"curies":[{"name":"wp","href":"https:\/\/api.w.org\/{rel}","templated":true}]}}