{"id":21129,"date":"2020-09-25T16:12:41","date_gmt":"2020-09-25T15:12:41","guid":{"rendered":"http:\/\/montreux-vieux.net\/?page_id=21129"},"modified":"2020-09-25T16:12:41","modified_gmt":"2020-09-25T15:12:41","slug":"un-incident-de-frontiere-assez-curieux","status":"publish","type":"page","link":"https:\/\/montreux-vieux.net\/?page_id=21129","title":{"rendered":"Un incident de fronti\u00e8re assez curieux"},"content":{"rendered":"\n<p>Un incident de fronti\u00e8re assez curieux, c\u2019est la m\u00e9saventure survenue \u00e0 un sous officier allemand, qui s\u2019est fourvoy\u00e9, en uniforme, dans un village fran\u00e7ais, \u00e0 Foussemagne.<\/p>\n\n\n\n<p>Voici, d\u2019apr\u00e8s une enqu\u00eate faite \u00e0 Dannemarie, la v\u00e9rit\u00e9 sur cet incident :<\/p>\n\n\n\n<p>Le sous-officier en question appartient au 14e r\u00e9giment d&rsquo;artillerie de campagne, en ce moment \u00e0 Montreux-Vieux. Il lut d\u00e9sign\u00e9 pour un service d\u2019estafette et partit \u00e0 bicyclette, charg\u00e9 d\u2019instructions \u00e9crites par l&rsquo;\u00e9lat-major pour le colonel d\u2019un r\u00e9giment stationn\u00e9 \u00e0 Guevenatten. A la travers\u00e9e de Cbavannes-sur-l&rsquo;Elang, au lieu de tourner \u00e0 droite, il continua de tenir sa gauche et arriva ainsi au milieu de Foussemagne, o\u00f9 les douaniers fran\u00e7ais l&rsquo;arr\u00eat\u00e8rent et lui firent rebrousser chemin.<\/p>\n\n\n\n<p>L&rsquo;imprudent sous-officier a regagn\u00e9 la fronti\u00e8re en compagnie des douaniers, qui ne l\u2019ont m\u00eame point fouill\u00e9. Et il s&rsquo;en est particuli\u00e8rement f\u00e9licit\u00e9, car si le pli qu\u2019il avait en poche avait \u00e9t\u00e9 confisqu\u00e9, le malheureux passait en conseil de guerre !<\/p>\n\n\n\n<p>Sources&nbsp;: L\u2019Ev\u00e8nement 29 septmbre 1895<\/p>\n","protected":false},"excerpt":{"rendered":"<p>Un incident de fronti\u00e8re assez curieux, c\u2019est la m\u00e9saventure survenue \u00e0 un sous officier allemand, qui s\u2019est fourvoy\u00e9, en uniforme, dans un village fran\u00e7ais, \u00e0 Foussemagne. Voici, d\u2019apr\u00e8s une enqu\u00eate faite \u00e0 Dannemarie, la v\u00e9rit\u00e9 sur cet incident : Le &hellip; <a href=\"https:\/\/montreux-vieux.net\/?page_id=21129\">Continuer la lecture <span class=\"meta-nav\">&rarr;<\/span><\/a><\/p>\n","protected":false},"author":1,"featured_media":0,"parent":12673,"menu_order":160,"comment_status":"closed","ping_status":"open","template":"","meta":{"footnotes":""},"class_list":["post-21129","page","type-page","status-publish","hentry"],"_links":{"self":[{"href":"https:\/\/montreux-vieux.net\/index.php?rest_route=\/wp\/v2\/pages\/21129","targetHints":{"allow":["GET"]}}],"collection":[{"href":"https:\/\/montreux-vieux.net\/index.php?rest_route=\/wp\/v2\/pages"}],"about":[{"href":"https:\/\/montreux-vieux.net\/index.php?rest_route=\/wp\/v2\/types\/page"}],"author":[{"embeddable":true,"href":"https:\/\/montreux-vieux.net\/index.php?rest_route=\/wp\/v2\/users\/1"}],"replies":[{"embeddable":true,"href":"https:\/\/montreux-vieux.net\/index.php?rest_route=%2Fwp%2Fv2%2Fcomments&post=21129"}],"version-history":[{"count":1,"href":"https:\/\/montreux-vieux.net\/index.php?rest_route=\/wp\/v2\/pages\/21129\/revisions"}],"predecessor-version":[{"id":21130,"href":"https:\/\/montreux-vieux.net\/index.php?rest_route=\/wp\/v2\/pages\/21129\/revisions\/21130"}],"up":[{"embeddable":true,"href":"https:\/\/montreux-vieux.net\/index.php?rest_route=\/wp\/v2\/pages\/12673"}],"wp:attachment":[{"href":"https:\/\/montreux-vieux.net\/index.php?rest_route=%2Fwp%2Fv2%2Fmedia&parent=21129"}],"curies":[{"name":"wp","href":"https:\/\/api.w.org\/{rel}","templated":true}]}}