{"id":21165,"date":"2020-09-28T15:40:48","date_gmt":"2020-09-28T14:40:48","guid":{"rendered":"http:\/\/montreux-vieux.net\/?page_id=21165"},"modified":"2020-09-28T15:40:48","modified_gmt":"2020-09-28T14:40:48","slug":"malfaiteur-arrete","status":"publish","type":"page","link":"https:\/\/montreux-vieux.net\/?page_id=21165","title":{"rendered":"Malfaiteur arr\u00eat\u00e9"},"content":{"rendered":"\n<p>Montreux-Vieux, 21 octobre. \u2014 On a arret\u00e9, \u00e0 Montreux-Vieux, dans un train venant de Belfort, un individu aux dehors suspects, qui a \u00e9t\u00e9 reconnu pour \u00eatre un malfaiteur de Mulhouse qui s\u2019\u00e9tait soustrait par la fuite \u00e0 une condamnation correctionnelle. Cet individu dormait sur le plancher du compartiment \u00e0 l&rsquo;arr\u00eat du train. R\u00e9veill\u00e9 et invit\u00e9 \u00e0 passer \u00e0 la douane, il se crut \u00e0 Belfort et voulut s\u2019esquiver, mais un gendarme le mit aussit\u00f4t en \u00e9tat d\u2019arrestation et, apr\u00e8s avoir \u00e9tabli son identit\u00e9, le conduisit \u00e0 la prison de Dannemarie.<\/p>\n\n\n\n<p>Sources&nbsp;: Express 23 octobre 1900<\/p>\n","protected":false},"excerpt":{"rendered":"<p>Montreux-Vieux, 21 octobre. \u2014 On a arret\u00e9, \u00e0 Montreux-Vieux, dans un train venant de Belfort, un individu aux dehors suspects, qui a \u00e9t\u00e9 reconnu pour \u00eatre un malfaiteur de Mulhouse qui s\u2019\u00e9tait soustrait par la fuite \u00e0 une condamnation correctionnelle. &hellip; <a href=\"https:\/\/montreux-vieux.net\/?page_id=21165\">Continuer la lecture <span class=\"meta-nav\">&rarr;<\/span><\/a><\/p>\n","protected":false},"author":1,"featured_media":0,"parent":20403,"menu_order":80,"comment_status":"closed","ping_status":"open","template":"","meta":{"footnotes":""},"class_list":["post-21165","page","type-page","status-publish","hentry"],"_links":{"self":[{"href":"https:\/\/montreux-vieux.net\/index.php?rest_route=\/wp\/v2\/pages\/21165","targetHints":{"allow":["GET"]}}],"collection":[{"href":"https:\/\/montreux-vieux.net\/index.php?rest_route=\/wp\/v2\/pages"}],"about":[{"href":"https:\/\/montreux-vieux.net\/index.php?rest_route=\/wp\/v2\/types\/page"}],"author":[{"embeddable":true,"href":"https:\/\/montreux-vieux.net\/index.php?rest_route=\/wp\/v2\/users\/1"}],"replies":[{"embeddable":true,"href":"https:\/\/montreux-vieux.net\/index.php?rest_route=%2Fwp%2Fv2%2Fcomments&post=21165"}],"version-history":[{"count":1,"href":"https:\/\/montreux-vieux.net\/index.php?rest_route=\/wp\/v2\/pages\/21165\/revisions"}],"predecessor-version":[{"id":21166,"href":"https:\/\/montreux-vieux.net\/index.php?rest_route=\/wp\/v2\/pages\/21165\/revisions\/21166"}],"up":[{"embeddable":true,"href":"https:\/\/montreux-vieux.net\/index.php?rest_route=\/wp\/v2\/pages\/20403"}],"wp:attachment":[{"href":"https:\/\/montreux-vieux.net\/index.php?rest_route=%2Fwp%2Fv2%2Fmedia&parent=21165"}],"curies":[{"name":"wp","href":"https:\/\/api.w.org\/{rel}","templated":true}]}}