{"id":21201,"date":"2020-09-29T15:29:59","date_gmt":"2020-09-29T14:29:59","guid":{"rendered":"http:\/\/montreux-vieux.net\/?page_id=21201"},"modified":"2020-09-29T15:29:59","modified_gmt":"2020-09-29T14:29:59","slug":"la-langue-officielle","status":"publish","type":"page","link":"https:\/\/montreux-vieux.net\/?page_id=21201","title":{"rendered":"La langue officielle"},"content":{"rendered":"\n<p>La langue officielle. \u2014 A partir du 1er janvier l\u2019usage de la langue fran\u00e7aise ne sera plus tol\u00e9r\u00e9 dans l\u2019exp\u00e9dition des affaires publiques pour les communes suivantes de l\u2019arrondissement d\u2019Altkirch : Montreux-Vieux, Bratt, Valdieu, Montreux-Jeune et Lucelle. Toutes les communications aux autorit\u00e9s devront \u00eatre faites en langue allemande \u00e0 moins que celles-ci dans les cas exceptionnels, n\u2019autorisent de se servir du fran\u00e7ais. Sources&nbsp;: Express 14 d\u00e9cembre 1889<\/p>\n","protected":false},"excerpt":{"rendered":"<p>La langue officielle. \u2014 A partir du 1er janvier l\u2019usage de la langue fran\u00e7aise ne sera plus tol\u00e9r\u00e9 dans l\u2019exp\u00e9dition des affaires publiques pour les communes suivantes de l\u2019arrondissement d\u2019Altkirch : Montreux-Vieux, Bratt, Valdieu, Montreux-Jeune et Lucelle. Toutes les communications &hellip; <a href=\"https:\/\/montreux-vieux.net\/?page_id=21201\">Continuer la lecture <span class=\"meta-nav\">&rarr;<\/span><\/a><\/p>\n","protected":false},"author":1,"featured_media":0,"parent":13095,"menu_order":195,"comment_status":"closed","ping_status":"open","template":"","meta":{"footnotes":""},"class_list":["post-21201","page","type-page","status-publish","hentry"],"_links":{"self":[{"href":"https:\/\/montreux-vieux.net\/index.php?rest_route=\/wp\/v2\/pages\/21201","targetHints":{"allow":["GET"]}}],"collection":[{"href":"https:\/\/montreux-vieux.net\/index.php?rest_route=\/wp\/v2\/pages"}],"about":[{"href":"https:\/\/montreux-vieux.net\/index.php?rest_route=\/wp\/v2\/types\/page"}],"author":[{"embeddable":true,"href":"https:\/\/montreux-vieux.net\/index.php?rest_route=\/wp\/v2\/users\/1"}],"replies":[{"embeddable":true,"href":"https:\/\/montreux-vieux.net\/index.php?rest_route=%2Fwp%2Fv2%2Fcomments&post=21201"}],"version-history":[{"count":1,"href":"https:\/\/montreux-vieux.net\/index.php?rest_route=\/wp\/v2\/pages\/21201\/revisions"}],"predecessor-version":[{"id":21202,"href":"https:\/\/montreux-vieux.net\/index.php?rest_route=\/wp\/v2\/pages\/21201\/revisions\/21202"}],"up":[{"embeddable":true,"href":"https:\/\/montreux-vieux.net\/index.php?rest_route=\/wp\/v2\/pages\/13095"}],"wp:attachment":[{"href":"https:\/\/montreux-vieux.net\/index.php?rest_route=%2Fwp%2Fv2%2Fmedia&parent=21201"}],"curies":[{"name":"wp","href":"https:\/\/api.w.org\/{rel}","templated":true}]}}

<p>La langue officielle. — A partir du 1er janvier l’usage de la langue française ne sera plus toléré dans l’expédition des affaires publiques pour les communes suivantes de l’arrondissement d’Altkirch : Montreux-Vieux, Bratt, Valdieu, Montreux-Jeune et Lucelle. Toutes les communications aux autorités devront être faites en langue allemande à moins que celles-ci dans les cas exceptionnels, n’autorisent de se servir du français. Sources&nbsp;: Express 14 décembre 1889</p>

<p>La langue officielle. — A partir du 1er janvier l’usage de la langue française ne sera plus toléré dans l’expédition des affaires publiques pour les communes suivantes de l’arrondissement d’Altkirch : Montreux-Vieux, Bratt, Valdieu, Montreux-Jeune et Lucelle. Toutes les communications &hellip; <a href="https://montreux-vieux.net/?page_id=21201">Continuer la lecture <span class="meta-nav">&rarr;</span></a></p>
