{"id":21216,"date":"2020-09-30T08:14:52","date_gmt":"2020-09-30T07:14:52","guid":{"rendered":"http:\/\/montreux-vieux.net\/?page_id=21216"},"modified":"2020-09-30T08:14:52","modified_gmt":"2020-09-30T07:14:52","slug":"espionnage","status":"publish","type":"page","link":"https:\/\/montreux-vieux.net\/?page_id=21216","title":{"rendered":"Espionnage"},"content":{"rendered":"\n<p>Deux officiers badois sont venus recevoir, \u00e0 Montreux-Vieux, le lieutenant de Kessel, que la gendarmerie fran\u00e7aise a reconduit jusqu&rsquo;\u00e0 la fronti\u00e8re. Le lieutenant de Kessel avait \u00e9t\u00e9, comme on sait, arr\u00eat\u00e9 \u00e0 Paris en m\u00eame temps que le lieutenant de Sch\u0153nbeck, condamn\u00e9 r\u00e9cemment pour espionnage. Il est officier des grenadiers de la barde badoise.<\/p>\n\n\n\n<p>Sources&nbsp;: La Rappel 27 janvier 1895<\/p>\n","protected":false},"excerpt":{"rendered":"<p>Deux officiers badois sont venus recevoir, \u00e0 Montreux-Vieux, le lieutenant de Kessel, que la gendarmerie fran\u00e7aise a reconduit jusqu&rsquo;\u00e0 la fronti\u00e8re. Le lieutenant de Kessel avait \u00e9t\u00e9, comme on sait, arr\u00eat\u00e9 \u00e0 Paris en m\u00eame temps que le lieutenant de &hellip; <a href=\"https:\/\/montreux-vieux.net\/?page_id=21216\">Continuer la lecture <span class=\"meta-nav\">&rarr;<\/span><\/a><\/p>\n","protected":false},"author":1,"featured_media":0,"parent":12673,"menu_order":170,"comment_status":"closed","ping_status":"open","template":"","meta":{"footnotes":""},"class_list":["post-21216","page","type-page","status-publish","hentry"],"_links":{"self":[{"href":"https:\/\/montreux-vieux.net\/index.php?rest_route=\/wp\/v2\/pages\/21216","targetHints":{"allow":["GET"]}}],"collection":[{"href":"https:\/\/montreux-vieux.net\/index.php?rest_route=\/wp\/v2\/pages"}],"about":[{"href":"https:\/\/montreux-vieux.net\/index.php?rest_route=\/wp\/v2\/types\/page"}],"author":[{"embeddable":true,"href":"https:\/\/montreux-vieux.net\/index.php?rest_route=\/wp\/v2\/users\/1"}],"replies":[{"embeddable":true,"href":"https:\/\/montreux-vieux.net\/index.php?rest_route=%2Fwp%2Fv2%2Fcomments&post=21216"}],"version-history":[{"count":1,"href":"https:\/\/montreux-vieux.net\/index.php?rest_route=\/wp\/v2\/pages\/21216\/revisions"}],"predecessor-version":[{"id":21217,"href":"https:\/\/montreux-vieux.net\/index.php?rest_route=\/wp\/v2\/pages\/21216\/revisions\/21217"}],"up":[{"embeddable":true,"href":"https:\/\/montreux-vieux.net\/index.php?rest_route=\/wp\/v2\/pages\/12673"}],"wp:attachment":[{"href":"https:\/\/montreux-vieux.net\/index.php?rest_route=%2Fwp%2Fv2%2Fmedia&parent=21216"}],"curies":[{"name":"wp","href":"https:\/\/api.w.org\/{rel}","templated":true}]}}