{"id":21228,"date":"2020-10-01T11:12:56","date_gmt":"2020-10-01T10:12:56","guid":{"rendered":"http:\/\/montreux-vieux.net\/?page_id=21228"},"modified":"2020-10-01T11:12:56","modified_gmt":"2020-10-01T10:12:56","slug":"concert-pour-le-comite-de-secours","status":"publish","type":"page","link":"https:\/\/montreux-vieux.net\/?page_id=21228","title":{"rendered":"Concert pour le comit\u00e9 de secours"},"content":{"rendered":"\n<p>La musique de Montreux-Vieux a \u00e9galement organis\u00e9 un concert dont la recette, 130 m.a \u00e9l\u00e9 adress\u00e9e au comit\u00e9 de secours. (Veuves et orphelins d\u2019Issenheim)<\/p>\n\n\n\n<p>Sources&nbsp;: Express 2 ao\u00fbt 1892<\/p>\n","protected":false},"excerpt":{"rendered":"<p>La musique de Montreux-Vieux a \u00e9galement organis\u00e9 un concert dont la recette, 130 m.a \u00e9l\u00e9 adress\u00e9e au comit\u00e9 de secours. (Veuves et orphelins d\u2019Issenheim) Sources&nbsp;: Express 2 ao\u00fbt 1892<\/p>\n","protected":false},"author":1,"featured_media":0,"parent":12669,"menu_order":30,"comment_status":"closed","ping_status":"open","template":"","meta":{"footnotes":""},"class_list":["post-21228","page","type-page","status-publish","hentry"],"_links":{"self":[{"href":"https:\/\/montreux-vieux.net\/index.php?rest_route=\/wp\/v2\/pages\/21228","targetHints":{"allow":["GET"]}}],"collection":[{"href":"https:\/\/montreux-vieux.net\/index.php?rest_route=\/wp\/v2\/pages"}],"about":[{"href":"https:\/\/montreux-vieux.net\/index.php?rest_route=\/wp\/v2\/types\/page"}],"author":[{"embeddable":true,"href":"https:\/\/montreux-vieux.net\/index.php?rest_route=\/wp\/v2\/users\/1"}],"replies":[{"embeddable":true,"href":"https:\/\/montreux-vieux.net\/index.php?rest_route=%2Fwp%2Fv2%2Fcomments&post=21228"}],"version-history":[{"count":1,"href":"https:\/\/montreux-vieux.net\/index.php?rest_route=\/wp\/v2\/pages\/21228\/revisions"}],"predecessor-version":[{"id":21229,"href":"https:\/\/montreux-vieux.net\/index.php?rest_route=\/wp\/v2\/pages\/21228\/revisions\/21229"}],"up":[{"embeddable":true,"href":"https:\/\/montreux-vieux.net\/index.php?rest_route=\/wp\/v2\/pages\/12669"}],"wp:attachment":[{"href":"https:\/\/montreux-vieux.net\/index.php?rest_route=%2Fwp%2Fv2%2Fmedia&parent=21228"}],"curies":[{"name":"wp","href":"https:\/\/api.w.org\/{rel}","templated":true}]}}