{"id":21393,"date":"2020-10-06T15:27:57","date_gmt":"2020-10-06T14:27:57","guid":{"rendered":"http:\/\/montreux-vieux.net\/?page_id=21393"},"modified":"2020-10-06T15:27:57","modified_gmt":"2020-10-06T14:27:57","slug":"chemins-de-fer","status":"publish","type":"page","link":"https:\/\/montreux-vieux.net\/?page_id=21393","title":{"rendered":"Chemins de fer."},"content":{"rendered":"\n<p>Chemins de fer. \u2014 Depuis quelque temps il passe journellement \u00e0 Mulhouse deux trains sp\u00e9ciaux compos\u00e9s de wagons \u00e9trangers. Le premier vient de France par Montreux-Vieux et apporte des wagons destin\u00e9s au chemin de fer de l\u2019Etat autrichien ; le deuxi\u00e8me apporte des wagons \u00e0 charbons d\u2019une compagnie houill\u00e8re belge.<\/p>\n\n\n\n<p>L\u2019importation de volailles et de victuailles venant d&rsquo;Italie est en ce moment &nbsp;tr\u00e8s forte. Il y eu a souvent jusqu\u2019\u00e0 5 wagons qui suivent les trains ordinaires. Ces wagons sont la plupart destin\u00e9s A Mayence et \u00e0 Cologne.<\/p>\n\n\n\n<p>Sources&nbsp;: Express 19 ao\u00fbt 1888<\/p>\n","protected":false},"excerpt":{"rendered":"<p>Chemins de fer. \u2014 Depuis quelque temps il passe journellement \u00e0 Mulhouse deux trains sp\u00e9ciaux compos\u00e9s de wagons \u00e9trangers. Le premier vient de France par Montreux-Vieux et apporte des wagons destin\u00e9s au chemin de fer de l\u2019Etat autrichien ; le &hellip; <a href=\"https:\/\/montreux-vieux.net\/?page_id=21393\">Continuer la lecture <span class=\"meta-nav\">&rarr;<\/span><\/a><\/p>\n","protected":false},"author":1,"featured_media":0,"parent":13007,"menu_order":150,"comment_status":"closed","ping_status":"open","template":"","meta":{"footnotes":""},"class_list":["post-21393","page","type-page","status-publish","hentry"],"_links":{"self":[{"href":"https:\/\/montreux-vieux.net\/index.php?rest_route=\/wp\/v2\/pages\/21393","targetHints":{"allow":["GET"]}}],"collection":[{"href":"https:\/\/montreux-vieux.net\/index.php?rest_route=\/wp\/v2\/pages"}],"about":[{"href":"https:\/\/montreux-vieux.net\/index.php?rest_route=\/wp\/v2\/types\/page"}],"author":[{"embeddable":true,"href":"https:\/\/montreux-vieux.net\/index.php?rest_route=\/wp\/v2\/users\/1"}],"replies":[{"embeddable":true,"href":"https:\/\/montreux-vieux.net\/index.php?rest_route=%2Fwp%2Fv2%2Fcomments&post=21393"}],"version-history":[{"count":1,"href":"https:\/\/montreux-vieux.net\/index.php?rest_route=\/wp\/v2\/pages\/21393\/revisions"}],"predecessor-version":[{"id":21394,"href":"https:\/\/montreux-vieux.net\/index.php?rest_route=\/wp\/v2\/pages\/21393\/revisions\/21394"}],"up":[{"embeddable":true,"href":"https:\/\/montreux-vieux.net\/index.php?rest_route=\/wp\/v2\/pages\/13007"}],"wp:attachment":[{"href":"https:\/\/montreux-vieux.net\/index.php?rest_route=%2Fwp%2Fv2%2Fmedia&parent=21393"}],"curies":[{"name":"wp","href":"https:\/\/api.w.org\/{rel}","templated":true}]}}