{"id":21418,"date":"2020-10-07T16:19:19","date_gmt":"2020-10-07T15:19:19","guid":{"rendered":"http:\/\/montreux-vieux.net\/?page_id=21418"},"modified":"2020-10-07T16:19:19","modified_gmt":"2020-10-07T15:19:19","slug":"expeditions-de-fruits-et-de-fleurs","status":"publish","type":"page","link":"https:\/\/montreux-vieux.net\/?page_id=21418","title":{"rendered":"Exp\u00e9ditions de fruits et de fleurs"},"content":{"rendered":"\n<p>Montreux-Vieux, 20 nov. \u2014 Les exp\u00e9ditions de fruits du midi et de fleurs de Nice en transit, par la gare de Montreux-Vieux, sont toujours consid\u00e9rables. Des wagons charg\u00e9s d\u2019oranges passent \u00e0 destination de Berlin, de Cologne ou de Francfort. <\/p>\n\n\n\n<p>Sources\u00a0: Express 21 novembre 1901<\/p>\n","protected":false},"excerpt":{"rendered":"<p>Montreux-Vieux, 20 nov. \u2014 Les exp\u00e9ditions de fruits du midi et de fleurs de Nice en transit, par la gare de Montreux-Vieux, sont toujours consid\u00e9rables. Des wagons charg\u00e9s d\u2019oranges passent \u00e0 destination de Berlin, de Cologne ou de Francfort. Sources\u00a0: &hellip; <a href=\"https:\/\/montreux-vieux.net\/?page_id=21418\">Continuer la lecture <span class=\"meta-nav\">&rarr;<\/span><\/a><\/p>\n","protected":false},"author":1,"featured_media":0,"parent":13007,"menu_order":160,"comment_status":"closed","ping_status":"open","template":"","meta":{"footnotes":""},"class_list":["post-21418","page","type-page","status-publish","hentry"],"_links":{"self":[{"href":"https:\/\/montreux-vieux.net\/index.php?rest_route=\/wp\/v2\/pages\/21418","targetHints":{"allow":["GET"]}}],"collection":[{"href":"https:\/\/montreux-vieux.net\/index.php?rest_route=\/wp\/v2\/pages"}],"about":[{"href":"https:\/\/montreux-vieux.net\/index.php?rest_route=\/wp\/v2\/types\/page"}],"author":[{"embeddable":true,"href":"https:\/\/montreux-vieux.net\/index.php?rest_route=\/wp\/v2\/users\/1"}],"replies":[{"embeddable":true,"href":"https:\/\/montreux-vieux.net\/index.php?rest_route=%2Fwp%2Fv2%2Fcomments&post=21418"}],"version-history":[{"count":1,"href":"https:\/\/montreux-vieux.net\/index.php?rest_route=\/wp\/v2\/pages\/21418\/revisions"}],"predecessor-version":[{"id":21419,"href":"https:\/\/montreux-vieux.net\/index.php?rest_route=\/wp\/v2\/pages\/21418\/revisions\/21419"}],"up":[{"embeddable":true,"href":"https:\/\/montreux-vieux.net\/index.php?rest_route=\/wp\/v2\/pages\/13007"}],"wp:attachment":[{"href":"https:\/\/montreux-vieux.net\/index.php?rest_route=%2Fwp%2Fv2%2Fmedia&parent=21418"}],"curies":[{"name":"wp","href":"https:\/\/api.w.org\/{rel}","templated":true}]}}