{"id":21428,"date":"2020-10-08T15:59:53","date_gmt":"2020-10-08T14:59:53","guid":{"rendered":"http:\/\/montreux-vieux.net\/?page_id=21428"},"modified":"2020-10-08T15:59:53","modified_gmt":"2020-10-08T14:59:53","slug":"des-wagons-de-porcs","status":"publish","type":"page","link":"https:\/\/montreux-vieux.net\/?page_id=21428","title":{"rendered":"Des wagons de porcs"},"content":{"rendered":"\n<p>Montreux-Vieux, 10 mars. \u2014 L\u2019importation du gros b\u00e9tail venant de France a quelque peu diminu\u00e9 ces temps derniers. Mais par contre celle des porcs augmente de jour en jour. Tous les trains venant de Belfort am\u00e8nent des chargements complets. Il passe journellement 39 A 40 wagons, venant surtout de Lyon et destin\u00e9s au centre de l\u2019Allemagne.<\/p>\n\n\n\n<p>Sources&nbsp;: Express 11 mars 1893<\/p>\n","protected":false},"excerpt":{"rendered":"<p>Montreux-Vieux, 10 mars. \u2014 L\u2019importation du gros b\u00e9tail venant de France a quelque peu diminu\u00e9 ces temps derniers. Mais par contre celle des porcs augmente de jour en jour. Tous les trains venant de Belfort am\u00e8nent des chargements complets. Il &hellip; <a href=\"https:\/\/montreux-vieux.net\/?page_id=21428\">Continuer la lecture <span class=\"meta-nav\">&rarr;<\/span><\/a><\/p>\n","protected":false},"author":1,"featured_media":0,"parent":13007,"menu_order":170,"comment_status":"closed","ping_status":"open","template":"","meta":{"footnotes":""},"class_list":["post-21428","page","type-page","status-publish","hentry"],"_links":{"self":[{"href":"https:\/\/montreux-vieux.net\/index.php?rest_route=\/wp\/v2\/pages\/21428","targetHints":{"allow":["GET"]}}],"collection":[{"href":"https:\/\/montreux-vieux.net\/index.php?rest_route=\/wp\/v2\/pages"}],"about":[{"href":"https:\/\/montreux-vieux.net\/index.php?rest_route=\/wp\/v2\/types\/page"}],"author":[{"embeddable":true,"href":"https:\/\/montreux-vieux.net\/index.php?rest_route=\/wp\/v2\/users\/1"}],"replies":[{"embeddable":true,"href":"https:\/\/montreux-vieux.net\/index.php?rest_route=%2Fwp%2Fv2%2Fcomments&post=21428"}],"version-history":[{"count":1,"href":"https:\/\/montreux-vieux.net\/index.php?rest_route=\/wp\/v2\/pages\/21428\/revisions"}],"predecessor-version":[{"id":21429,"href":"https:\/\/montreux-vieux.net\/index.php?rest_route=\/wp\/v2\/pages\/21428\/revisions\/21429"}],"up":[{"embeddable":true,"href":"https:\/\/montreux-vieux.net\/index.php?rest_route=\/wp\/v2\/pages\/13007"}],"wp:attachment":[{"href":"https:\/\/montreux-vieux.net\/index.php?rest_route=%2Fwp%2Fv2%2Fmedia&parent=21428"}],"curies":[{"name":"wp","href":"https:\/\/api.w.org\/{rel}","templated":true}]}}