{"id":21476,"date":"2020-10-11T15:19:03","date_gmt":"2020-10-11T14:19:03","guid":{"rendered":"http:\/\/montreux-vieux.net\/?page_id=21476"},"modified":"2020-10-11T15:19:15","modified_gmt":"2020-10-11T14:19:15","slug":"21476-2","status":"publish","type":"page","link":"https:\/\/montreux-vieux.net\/?page_id=21476","title":{"rendered":"Du muguet"},"content":{"rendered":"\n<p>Montreux-Vieux.\u2014 Le mouvement de voyageurs qui avait diminu\u00e9 pendant l\u2019hiver, reprend \u00e0 l\u2019approche des beaux jours. Le mouvement des marchandises a \u00e9t\u00e9, par contre, assez fort pendant la p\u00e9riode d&rsquo;hiver o\u00f9 les recettes ont atteint\u00a0 100,000 M. par mois. L\u2019importation des fleurs venant du midi de la France a pris une grande importance. Des envois consid\u00e9rables de muguets ont pass\u00e9, \u00e0 destination de Berlin.<\/p>\n\n\n\n<p>Sources&nbsp;: Express du 1<sup>er<\/sup> mai 1896<\/p>\n","protected":false},"excerpt":{"rendered":"<p>Montreux-Vieux.\u2014 Le mouvement de voyageurs qui avait diminu\u00e9 pendant l\u2019hiver, reprend \u00e0 l\u2019approche des beaux jours. Le mouvement des marchandises a \u00e9t\u00e9, par contre, assez fort pendant la p\u00e9riode d&rsquo;hiver o\u00f9 les recettes ont atteint\u00a0 100,000 M. par mois. L\u2019importation &hellip; <a href=\"https:\/\/montreux-vieux.net\/?page_id=21476\">Continuer la lecture <span class=\"meta-nav\">&rarr;<\/span><\/a><\/p>\n","protected":false},"author":1,"featured_media":0,"parent":13007,"menu_order":185,"comment_status":"closed","ping_status":"open","template":"","meta":{"footnotes":""},"class_list":["post-21476","page","type-page","status-publish","hentry"],"_links":{"self":[{"href":"https:\/\/montreux-vieux.net\/index.php?rest_route=\/wp\/v2\/pages\/21476","targetHints":{"allow":["GET"]}}],"collection":[{"href":"https:\/\/montreux-vieux.net\/index.php?rest_route=\/wp\/v2\/pages"}],"about":[{"href":"https:\/\/montreux-vieux.net\/index.php?rest_route=\/wp\/v2\/types\/page"}],"author":[{"embeddable":true,"href":"https:\/\/montreux-vieux.net\/index.php?rest_route=\/wp\/v2\/users\/1"}],"replies":[{"embeddable":true,"href":"https:\/\/montreux-vieux.net\/index.php?rest_route=%2Fwp%2Fv2%2Fcomments&post=21476"}],"version-history":[{"count":2,"href":"https:\/\/montreux-vieux.net\/index.php?rest_route=\/wp\/v2\/pages\/21476\/revisions"}],"predecessor-version":[{"id":21478,"href":"https:\/\/montreux-vieux.net\/index.php?rest_route=\/wp\/v2\/pages\/21476\/revisions\/21478"}],"up":[{"embeddable":true,"href":"https:\/\/montreux-vieux.net\/index.php?rest_route=\/wp\/v2\/pages\/13007"}],"wp:attachment":[{"href":"https:\/\/montreux-vieux.net\/index.php?rest_route=%2Fwp%2Fv2%2Fmedia&parent=21476"}],"curies":[{"name":"wp","href":"https:\/\/api.w.org\/{rel}","templated":true}]}}