{"id":21480,"date":"2020-10-11T15:24:28","date_gmt":"2020-10-11T14:24:28","guid":{"rendered":"http:\/\/montreux-vieux.net\/?page_id=21480"},"modified":"2020-10-11T15:24:28","modified_gmt":"2020-10-11T14:24:28","slug":"trains-chauffes-a-la-vapeur","status":"publish","type":"page","link":"https:\/\/montreux-vieux.net\/?page_id=21480","title":{"rendered":"Trains chauff\u00e9s \u00e0 la vapeur"},"content":{"rendered":"\n<p>A la suite des r\u00e9clamations au sujet du chauffage insuffisant des voitures des trains de Montreux-Vieux, par les chaufferettes, on a form\u00e9 ces trains de voitures chauff\u00e9es \u00e0 la vapeur, mais en partie seulement. Il serait \u00e0 d\u00e9sirer que, par les gros froids du moins, toutes les voitures des trains Je MontreuxVieux fussent chauff\u00e9es \u00e0 la vapeur.<\/p>\n\n\n\n<p>Sources&nbsp;: Express 22 janvier 1901<\/p>\n","protected":false},"excerpt":{"rendered":"<p>A la suite des r\u00e9clamations au sujet du chauffage insuffisant des voitures des trains de Montreux-Vieux, par les chaufferettes, on a form\u00e9 ces trains de voitures chauff\u00e9es \u00e0 la vapeur, mais en partie seulement. Il serait \u00e0 d\u00e9sirer que, par &hellip; <a href=\"https:\/\/montreux-vieux.net\/?page_id=21480\">Continuer la lecture <span class=\"meta-nav\">&rarr;<\/span><\/a><\/p>\n","protected":false},"author":1,"featured_media":0,"parent":13013,"menu_order":125,"comment_status":"closed","ping_status":"open","template":"","meta":{"footnotes":""},"class_list":["post-21480","page","type-page","status-publish","hentry"],"_links":{"self":[{"href":"https:\/\/montreux-vieux.net\/index.php?rest_route=\/wp\/v2\/pages\/21480","targetHints":{"allow":["GET"]}}],"collection":[{"href":"https:\/\/montreux-vieux.net\/index.php?rest_route=\/wp\/v2\/pages"}],"about":[{"href":"https:\/\/montreux-vieux.net\/index.php?rest_route=\/wp\/v2\/types\/page"}],"author":[{"embeddable":true,"href":"https:\/\/montreux-vieux.net\/index.php?rest_route=\/wp\/v2\/users\/1"}],"replies":[{"embeddable":true,"href":"https:\/\/montreux-vieux.net\/index.php?rest_route=%2Fwp%2Fv2%2Fcomments&post=21480"}],"version-history":[{"count":1,"href":"https:\/\/montreux-vieux.net\/index.php?rest_route=\/wp\/v2\/pages\/21480\/revisions"}],"predecessor-version":[{"id":21481,"href":"https:\/\/montreux-vieux.net\/index.php?rest_route=\/wp\/v2\/pages\/21480\/revisions\/21481"}],"up":[{"embeddable":true,"href":"https:\/\/montreux-vieux.net\/index.php?rest_route=\/wp\/v2\/pages\/13013"}],"wp:attachment":[{"href":"https:\/\/montreux-vieux.net\/index.php?rest_route=%2Fwp%2Fv2%2Fmedia&parent=21480"}],"curies":[{"name":"wp","href":"https:\/\/api.w.org\/{rel}","templated":true}]}}