{"id":21593,"date":"2020-10-18T13:15:47","date_gmt":"2020-10-18T12:15:47","guid":{"rendered":"http:\/\/montreux-vieux.net\/?page_id=21593"},"modified":"2020-10-18T13:15:47","modified_gmt":"2020-10-18T12:15:47","slug":"etudes-sur-la-frontiere","status":"publish","type":"page","link":"https:\/\/montreux-vieux.net\/?page_id=21593","title":{"rendered":"Etudes sur la fronti\u00e8re"},"content":{"rendered":"\n<p>LA FRONTI\u00c8RE Montreux-Vieux, 20 octobre. Les officiers de l\u2019\u00e9tat-major du 1er corps, sous la direction d&rsquo;un officier du grand \u00e9tat-major de Berlin, font en ce moment des \u00e9tudes topographiques tout le long de la fronti\u00e8re fran\u00e7aise. Ils \u00e9taient ce matin A Altkirch et \u00e0 Danoemaric et ont pouss\u00e9 jusqu\u2019\u00e0 l\u2019extr\u00eame fronti\u00e8re.<\/p>\n\n\n\n<p>Sources\u00a0: La France 22 octobre 1890<\/p>\n","protected":false},"excerpt":{"rendered":"<p>LA FRONTI\u00c8RE Montreux-Vieux, 20 octobre. Les officiers de l\u2019\u00e9tat-major du 1er corps, sous la direction d&rsquo;un officier du grand \u00e9tat-major de Berlin, font en ce moment des \u00e9tudes topographiques tout le long de la fronti\u00e8re fran\u00e7aise. Ils \u00e9taient ce matin &hellip; <a href=\"https:\/\/montreux-vieux.net\/?page_id=21593\">Continuer la lecture <span class=\"meta-nav\">&rarr;<\/span><\/a><\/p>\n","protected":false},"author":1,"featured_media":0,"parent":13130,"menu_order":65,"comment_status":"closed","ping_status":"open","template":"","meta":{"footnotes":""},"class_list":["post-21593","page","type-page","status-publish","hentry"],"_links":{"self":[{"href":"https:\/\/montreux-vieux.net\/index.php?rest_route=\/wp\/v2\/pages\/21593","targetHints":{"allow":["GET"]}}],"collection":[{"href":"https:\/\/montreux-vieux.net\/index.php?rest_route=\/wp\/v2\/pages"}],"about":[{"href":"https:\/\/montreux-vieux.net\/index.php?rest_route=\/wp\/v2\/types\/page"}],"author":[{"embeddable":true,"href":"https:\/\/montreux-vieux.net\/index.php?rest_route=\/wp\/v2\/users\/1"}],"replies":[{"embeddable":true,"href":"https:\/\/montreux-vieux.net\/index.php?rest_route=%2Fwp%2Fv2%2Fcomments&post=21593"}],"version-history":[{"count":1,"href":"https:\/\/montreux-vieux.net\/index.php?rest_route=\/wp\/v2\/pages\/21593\/revisions"}],"predecessor-version":[{"id":21594,"href":"https:\/\/montreux-vieux.net\/index.php?rest_route=\/wp\/v2\/pages\/21593\/revisions\/21594"}],"up":[{"embeddable":true,"href":"https:\/\/montreux-vieux.net\/index.php?rest_route=\/wp\/v2\/pages\/13130"}],"wp:attachment":[{"href":"https:\/\/montreux-vieux.net\/index.php?rest_route=%2Fwp%2Fv2%2Fmedia&parent=21593"}],"curies":[{"name":"wp","href":"https:\/\/api.w.org\/{rel}","templated":true}]}}