{"id":21599,"date":"2020-10-18T13:31:19","date_gmt":"2020-10-18T12:31:19","guid":{"rendered":"http:\/\/montreux-vieux.net\/?page_id=21599"},"modified":"2020-10-18T13:31:19","modified_gmt":"2020-10-18T12:31:19","slug":"trains-speciaux","status":"publish","type":"page","link":"https:\/\/montreux-vieux.net\/?page_id=21599","title":{"rendered":"Trains sp\u00e9ciaux"},"content":{"rendered":"\n<p>Montreux-Vieux, 28 f\u00e9vrier. \u2014 Le trafic des marchandises est tellement consid\u00e9rable cette ann\u00e9e qu\u2019il faut souvent \u00e9tablir des trains sp\u00e9ciaux pour liquider les exp\u00e9ditions. \u2014 L\u2019horaire d\u2019\u00e9t\u00e9 ne pr\u00e9sente que peu de modifications. Il serait \u00e0 d\u00e9sirer toutefois que l\u2019express de B\u00e2le-Paris oui passe ici \u00e0 11 h. 39 et qui n\u2019a de troisi\u00e8mes classes que jusqu\u2019\u00e0 Mulhouse, les am\u00e8ne au moins jusqu\u2019\u00e0 Belfort. Les voyageurs de troisi\u00e8me de cette fa\u00e7on n\u2019ont pas de train pour aller \u00e0 Belfort depuis 10 h. du matin jusqu\u2019\u00e0 2 h. de l\u2019apr\u00e8s midi<\/p>\n\n\n\n<p>Sources\u00a0: Express 1<sup>er<\/sup> mars 1903<\/p>\n","protected":false},"excerpt":{"rendered":"<p>Montreux-Vieux, 28 f\u00e9vrier. \u2014 Le trafic des marchandises est tellement consid\u00e9rable cette ann\u00e9e qu\u2019il faut souvent \u00e9tablir des trains sp\u00e9ciaux pour liquider les exp\u00e9ditions. \u2014 L\u2019horaire d\u2019\u00e9t\u00e9 ne pr\u00e9sente que peu de modifications. Il serait \u00e0 d\u00e9sirer toutefois que l\u2019express &hellip; <a href=\"https:\/\/montreux-vieux.net\/?page_id=21599\">Continuer la lecture <span class=\"meta-nav\">&rarr;<\/span><\/a><\/p>\n","protected":false},"author":1,"featured_media":0,"parent":13007,"menu_order":235,"comment_status":"closed","ping_status":"open","template":"","meta":{"footnotes":""},"class_list":["post-21599","page","type-page","status-publish","hentry"],"_links":{"self":[{"href":"https:\/\/montreux-vieux.net\/index.php?rest_route=\/wp\/v2\/pages\/21599","targetHints":{"allow":["GET"]}}],"collection":[{"href":"https:\/\/montreux-vieux.net\/index.php?rest_route=\/wp\/v2\/pages"}],"about":[{"href":"https:\/\/montreux-vieux.net\/index.php?rest_route=\/wp\/v2\/types\/page"}],"author":[{"embeddable":true,"href":"https:\/\/montreux-vieux.net\/index.php?rest_route=\/wp\/v2\/users\/1"}],"replies":[{"embeddable":true,"href":"https:\/\/montreux-vieux.net\/index.php?rest_route=%2Fwp%2Fv2%2Fcomments&post=21599"}],"version-history":[{"count":1,"href":"https:\/\/montreux-vieux.net\/index.php?rest_route=\/wp\/v2\/pages\/21599\/revisions"}],"predecessor-version":[{"id":21600,"href":"https:\/\/montreux-vieux.net\/index.php?rest_route=\/wp\/v2\/pages\/21599\/revisions\/21600"}],"up":[{"embeddable":true,"href":"https:\/\/montreux-vieux.net\/index.php?rest_route=\/wp\/v2\/pages\/13007"}],"wp:attachment":[{"href":"https:\/\/montreux-vieux.net\/index.php?rest_route=%2Fwp%2Fv2%2Fmedia&parent=21599"}],"curies":[{"name":"wp","href":"https:\/\/api.w.org\/{rel}","templated":true}]}}