{"id":21606,"date":"2020-10-19T13:13:58","date_gmt":"2020-10-19T12:13:58","guid":{"rendered":"http:\/\/montreux-vieux.net\/?page_id=21606"},"modified":"2020-10-19T13:13:58","modified_gmt":"2020-10-19T12:13:58","slug":"lindustriel-burckle-est-mis-en-liberte-provisoire","status":"publish","type":"page","link":"https:\/\/montreux-vieux.net\/?page_id=21606","title":{"rendered":"L\u2019industriel Burckl\u00e9 est mis en libert\u00e9 provisoire"},"content":{"rendered":"\n<p>L\u2019industriel Burckl\u00e9 est mis en libert\u00e9 provisoire. \u2014 Le parquet de Mulhouse vient de r\u00e9pondre favorablement \u00e0 une demande de mise en libert\u00e9 provisoire de MM. Burckl\u00e9, industriel \u00e0 Montreux-Vieux, et Latzarus F\u00e9lix, contrema\u00eetre, dont nous avons relat\u00e9 r\u00e9cemment l\u2019arrestation retentissante. Cette mise en libert\u00e9 s\u2019effectuera sur caution de 30.000 frs &nbsp;pour M. Burckl\u00e9 et 5000 fis pour son contrema\u00eetre.<\/p>\n\n\n\n<p>Sources&nbsp;: L\u2019Express du 11 mai 1929<\/p>\n","protected":false},"excerpt":{"rendered":"<p>L\u2019industriel Burckl\u00e9 est mis en libert\u00e9 provisoire. \u2014 Le parquet de Mulhouse vient de r\u00e9pondre favorablement \u00e0 une demande de mise en libert\u00e9 provisoire de MM. Burckl\u00e9, industriel \u00e0 Montreux-Vieux, et Latzarus F\u00e9lix, contrema\u00eetre, dont nous avons relat\u00e9 r\u00e9cemment l\u2019arrestation &hellip; <a href=\"https:\/\/montreux-vieux.net\/?page_id=21606\">Continuer la lecture <span class=\"meta-nav\">&rarr;<\/span><\/a><\/p>\n","protected":false},"author":1,"featured_media":0,"parent":13044,"menu_order":775,"comment_status":"closed","ping_status":"open","template":"","meta":{"footnotes":""},"class_list":["post-21606","page","type-page","status-publish","hentry"],"_links":{"self":[{"href":"https:\/\/montreux-vieux.net\/index.php?rest_route=\/wp\/v2\/pages\/21606","targetHints":{"allow":["GET"]}}],"collection":[{"href":"https:\/\/montreux-vieux.net\/index.php?rest_route=\/wp\/v2\/pages"}],"about":[{"href":"https:\/\/montreux-vieux.net\/index.php?rest_route=\/wp\/v2\/types\/page"}],"author":[{"embeddable":true,"href":"https:\/\/montreux-vieux.net\/index.php?rest_route=\/wp\/v2\/users\/1"}],"replies":[{"embeddable":true,"href":"https:\/\/montreux-vieux.net\/index.php?rest_route=%2Fwp%2Fv2%2Fcomments&post=21606"}],"version-history":[{"count":1,"href":"https:\/\/montreux-vieux.net\/index.php?rest_route=\/wp\/v2\/pages\/21606\/revisions"}],"predecessor-version":[{"id":21607,"href":"https:\/\/montreux-vieux.net\/index.php?rest_route=\/wp\/v2\/pages\/21606\/revisions\/21607"}],"up":[{"embeddable":true,"href":"https:\/\/montreux-vieux.net\/index.php?rest_route=\/wp\/v2\/pages\/13044"}],"wp:attachment":[{"href":"https:\/\/montreux-vieux.net\/index.php?rest_route=%2Fwp%2Fv2%2Fmedia&parent=21606"}],"curies":[{"name":"wp","href":"https:\/\/api.w.org\/{rel}","templated":true}]}}

L’industriel Burcklé est mis en liberté provisoire

<p>L’industriel Burcklé est mis en liberté provisoire. — Le parquet de Mulhouse vient de répondre favorablement à une demande de mise en liberté provisoire de MM. Burcklé, industriel à Montreux-Vieux, et Latzarus Félix, contremaître, dont nous avons relaté récemment l’arrestation retentissante. Cette mise en liberté s’effectuera sur caution de 30.000 frs &nbsp;pour M. Burcklé et 5000 fis pour son contremaître.</p>



<p>Sources&nbsp;: L’Express du 11 mai 1929</p>

<p>L’industriel Burcklé est mis en liberté provisoire. — Le parquet de Mulhouse vient de répondre favorablement à une demande de mise en liberté provisoire de MM. Burcklé, industriel à Montreux-Vieux, et Latzarus Félix, contremaître, dont nous avons relaté récemment l’arrestation &hellip; <a href="https://montreux-vieux.net/?page_id=21606">Continuer la lecture <span class="meta-nav">&rarr;</span></a></p>
