{"id":21658,"date":"2020-10-22T13:04:14","date_gmt":"2020-10-22T12:04:14","guid":{"rendered":"http:\/\/montreux-vieux.net\/?page_id=21658"},"modified":"2020-10-22T13:04:14","modified_gmt":"2020-10-22T12:04:14","slug":"envoi-decorces","status":"publish","type":"page","link":"https:\/\/montreux-vieux.net\/?page_id=21658","title":{"rendered":"Envoi d&rsquo;\u00e9corces"},"content":{"rendered":"\n<p>Montreux-Vieux, 23 juin. \u2014 Les envois d\u2019\u00e9corces de ch\u00eanes venant du midi de la France et destin\u00e9es aux tanneries d\u2019Alsace, du grand-duch\u00e9 de Bade et du Wurtemberg passent ici tous les jours.<\/p>\n\n\n\n<p>Sources&nbsp;: Express 24 juin 1902<\/p>\n","protected":false},"excerpt":{"rendered":"<p>Montreux-Vieux, 23 juin. \u2014 Les envois d\u2019\u00e9corces de ch\u00eanes venant du midi de la France et destin\u00e9es aux tanneries d\u2019Alsace, du grand-duch\u00e9 de Bade et du Wurtemberg passent ici tous les jours. Sources&nbsp;: Express 24 juin 1902<\/p>\n","protected":false},"author":1,"featured_media":0,"parent":13007,"menu_order":245,"comment_status":"closed","ping_status":"open","template":"","meta":{"footnotes":""},"class_list":["post-21658","page","type-page","status-publish","hentry"],"_links":{"self":[{"href":"https:\/\/montreux-vieux.net\/index.php?rest_route=\/wp\/v2\/pages\/21658","targetHints":{"allow":["GET"]}}],"collection":[{"href":"https:\/\/montreux-vieux.net\/index.php?rest_route=\/wp\/v2\/pages"}],"about":[{"href":"https:\/\/montreux-vieux.net\/index.php?rest_route=\/wp\/v2\/types\/page"}],"author":[{"embeddable":true,"href":"https:\/\/montreux-vieux.net\/index.php?rest_route=\/wp\/v2\/users\/1"}],"replies":[{"embeddable":true,"href":"https:\/\/montreux-vieux.net\/index.php?rest_route=%2Fwp%2Fv2%2Fcomments&post=21658"}],"version-history":[{"count":1,"href":"https:\/\/montreux-vieux.net\/index.php?rest_route=\/wp\/v2\/pages\/21658\/revisions"}],"predecessor-version":[{"id":21659,"href":"https:\/\/montreux-vieux.net\/index.php?rest_route=\/wp\/v2\/pages\/21658\/revisions\/21659"}],"up":[{"embeddable":true,"href":"https:\/\/montreux-vieux.net\/index.php?rest_route=\/wp\/v2\/pages\/13007"}],"wp:attachment":[{"href":"https:\/\/montreux-vieux.net\/index.php?rest_route=%2Fwp%2Fv2%2Fmedia&parent=21658"}],"curies":[{"name":"wp","href":"https:\/\/api.w.org\/{rel}","templated":true}]}}