{"id":21720,"date":"2020-10-25T10:49:52","date_gmt":"2020-10-25T09:49:52","guid":{"rendered":"http:\/\/montreux-vieux.net\/?page_id=21720"},"modified":"2020-10-25T10:49:52","modified_gmt":"2020-10-25T09:49:52","slug":"willig-laible-nomme-maire-en-1912","status":"publish","type":"page","link":"https:\/\/montreux-vieux.net\/?page_id=21720","title":{"rendered":"Willig Laibl\u00e9 nomm\u00e9 maire en 1912"},"content":{"rendered":"\n<p>MONTREUX-VIEUX, 17 juin. \u2014 M. Willig I.aible, fils a\u00een\u00e9 de Guillaume Laible, maire, d\u00e9c\u00e9d\u00e9 r\u00e9cemment \u00e0 Marseille d\u2019une attaque d\u2019apoplexie, a \u00e9t\u00e9 nomm\u00e9 maire de Montreux-Vieux. Il avait \u00e9t\u00e9 \u00e9lu conseiller municipal il y \u00e0 6 semaines.<\/p>\n\n\n\n<p>Sources&nbsp;: Express 18 juin 1912<\/p>\n","protected":false},"excerpt":{"rendered":"<p>MONTREUX-VIEUX, 17 juin. \u2014 M. Willig I.aible, fils a\u00een\u00e9 de Guillaume Laible, maire, d\u00e9c\u00e9d\u00e9 r\u00e9cemment \u00e0 Marseille d\u2019une attaque d\u2019apoplexie, a \u00e9t\u00e9 nomm\u00e9 maire de Montreux-Vieux. Il avait \u00e9t\u00e9 \u00e9lu conseiller municipal il y \u00e0 6 semaines. Sources&nbsp;: Express 18 &hellip; <a href=\"https:\/\/montreux-vieux.net\/?page_id=21720\">Continuer la lecture <span class=\"meta-nav\">&rarr;<\/span><\/a><\/p>\n","protected":false},"author":1,"featured_media":0,"parent":21303,"menu_order":12,"comment_status":"closed","ping_status":"open","template":"","meta":{"footnotes":""},"class_list":["post-21720","page","type-page","status-publish","hentry"],"_links":{"self":[{"href":"https:\/\/montreux-vieux.net\/index.php?rest_route=\/wp\/v2\/pages\/21720","targetHints":{"allow":["GET"]}}],"collection":[{"href":"https:\/\/montreux-vieux.net\/index.php?rest_route=\/wp\/v2\/pages"}],"about":[{"href":"https:\/\/montreux-vieux.net\/index.php?rest_route=\/wp\/v2\/types\/page"}],"author":[{"embeddable":true,"href":"https:\/\/montreux-vieux.net\/index.php?rest_route=\/wp\/v2\/users\/1"}],"replies":[{"embeddable":true,"href":"https:\/\/montreux-vieux.net\/index.php?rest_route=%2Fwp%2Fv2%2Fcomments&post=21720"}],"version-history":[{"count":1,"href":"https:\/\/montreux-vieux.net\/index.php?rest_route=\/wp\/v2\/pages\/21720\/revisions"}],"predecessor-version":[{"id":21721,"href":"https:\/\/montreux-vieux.net\/index.php?rest_route=\/wp\/v2\/pages\/21720\/revisions\/21721"}],"up":[{"embeddable":true,"href":"https:\/\/montreux-vieux.net\/index.php?rest_route=\/wp\/v2\/pages\/21303"}],"wp:attachment":[{"href":"https:\/\/montreux-vieux.net\/index.php?rest_route=%2Fwp%2Fv2%2Fmedia&parent=21720"}],"curies":[{"name":"wp","href":"https:\/\/api.w.org\/{rel}","templated":true}]}}

Willig Laiblé nommé maire en 1912

<p>MONTREUX-VIEUX, 17 juin. — M. Willig I.aible, fils aîné de Guillaume Laible, maire, décédé récemment à Marseille d’une attaque d’apoplexie, a été nommé maire de Montreux-Vieux. Il avait été élu conseiller municipal il y à 6 semaines.</p>



<p>Sources&nbsp;: Express 18 juin 1912</p>

<p>MONTREUX-VIEUX, 17 juin. — M. Willig I.aible, fils aîné de Guillaume Laible, maire, décédé récemment à Marseille d’une attaque d’apoplexie, a été nommé maire de Montreux-Vieux. Il avait été élu conseiller municipal il y à 6 semaines. Sources&nbsp;: Express 18 &hellip; <a href="https://montreux-vieux.net/?page_id=21720">Continuer la lecture <span class="meta-nav">&rarr;</span></a></p>
