{"id":21786,"date":"2020-10-30T14:36:37","date_gmt":"2020-10-30T13:36:37","guid":{"rendered":"http:\/\/montreux-vieux.net\/?page_id=21786"},"modified":"2020-10-30T14:36:37","modified_gmt":"2020-10-30T13:36:37","slug":"m-w-willig-maire-candidat-au-conseil-darrondissement","status":"publish","type":"page","link":"https:\/\/montreux-vieux.net\/?page_id=21786","title":{"rendered":"M.W Willig maire, candidat au conseil d&rsquo;arrondissement."},"content":{"rendered":"\n<p>M. W. Laible, bourgmestre \u00e0 Montreux-vieux, membre sortant du Conseil d\u2019arrondissement, posera de nouveau sa candidature aux prochaines \u00e9lections. M. Aug. Ricklin, adjoint au maire de Dannemarie, sollicitera les suffrages des \u00e9lecteurs pour le si\u00e8ge de conseiller d&rsquo;arrondissement laiss\u00e9 vacant par M. L. Dinten, de Dannemarie, d\u00e9c\u00e9d\u00e9.<\/p>\n\n\n\n<p>Sources&nbsp;: Express 16 ao\u00fbt 1903<\/p>\n","protected":false},"excerpt":{"rendered":"<p>M. W. Laible, bourgmestre \u00e0 Montreux-vieux, membre sortant du Conseil d\u2019arrondissement, posera de nouveau sa candidature aux prochaines \u00e9lections. M. Aug. Ricklin, adjoint au maire de Dannemarie, sollicitera les suffrages des \u00e9lecteurs pour le si\u00e8ge de conseiller d&rsquo;arrondissement laiss\u00e9 vacant &hellip; <a href=\"https:\/\/montreux-vieux.net\/?page_id=21786\">Continuer la lecture <span class=\"meta-nav\">&rarr;<\/span><\/a><\/p>\n","protected":false},"author":1,"featured_media":0,"parent":21303,"menu_order":70,"comment_status":"closed","ping_status":"open","template":"","meta":{"footnotes":""},"class_list":["post-21786","page","type-page","status-publish","hentry"],"_links":{"self":[{"href":"https:\/\/montreux-vieux.net\/index.php?rest_route=\/wp\/v2\/pages\/21786","targetHints":{"allow":["GET"]}}],"collection":[{"href":"https:\/\/montreux-vieux.net\/index.php?rest_route=\/wp\/v2\/pages"}],"about":[{"href":"https:\/\/montreux-vieux.net\/index.php?rest_route=\/wp\/v2\/types\/page"}],"author":[{"embeddable":true,"href":"https:\/\/montreux-vieux.net\/index.php?rest_route=\/wp\/v2\/users\/1"}],"replies":[{"embeddable":true,"href":"https:\/\/montreux-vieux.net\/index.php?rest_route=%2Fwp%2Fv2%2Fcomments&post=21786"}],"version-history":[{"count":1,"href":"https:\/\/montreux-vieux.net\/index.php?rest_route=\/wp\/v2\/pages\/21786\/revisions"}],"predecessor-version":[{"id":21787,"href":"https:\/\/montreux-vieux.net\/index.php?rest_route=\/wp\/v2\/pages\/21786\/revisions\/21787"}],"up":[{"embeddable":true,"href":"https:\/\/montreux-vieux.net\/index.php?rest_route=\/wp\/v2\/pages\/21303"}],"wp:attachment":[{"href":"https:\/\/montreux-vieux.net\/index.php?rest_route=%2Fwp%2Fv2%2Fmedia&parent=21786"}],"curies":[{"name":"wp","href":"https:\/\/api.w.org\/{rel}","templated":true}]}}