{"id":21847,"date":"2020-11-02T14:15:13","date_gmt":"2020-11-02T13:15:13","guid":{"rendered":"http:\/\/montreux-vieux.net\/?page_id=21847"},"modified":"2020-11-02T14:15:13","modified_gmt":"2020-11-02T13:15:13","slug":"proces-de-presse","status":"publish","type":"page","link":"https:\/\/montreux-vieux.net\/?page_id=21847","title":{"rendered":"PROCES DE PRESSE"},"content":{"rendered":"\n<p>PROCES DE PRESSE. \u2014 La Cour de cassation de Leipzig a rejet\u00e9 le pourvoi de M. Haenggi, R\u00e9dacteur de la \u00ab\u00a0Landeszeitung\u00a0\u00bb contre le jugement du tribunal correctionnel de Mulhouse, en date du 13 juin, le condamnant \u00e0 3 jours de prison pour offenses \u00e0 M. Laibl\u00e9, maire de Montreux-Vieux.<\/p>\n\n\n\n<p>Sources&nbsp;! Express 4 ao\u00fbt 1910<\/p>\n","protected":false},"excerpt":{"rendered":"<p>PROCES DE PRESSE. \u2014 La Cour de cassation de Leipzig a rejet\u00e9 le pourvoi de M. Haenggi, R\u00e9dacteur de la \u00ab\u00a0Landeszeitung\u00a0\u00bb contre le jugement du tribunal correctionnel de Mulhouse, en date du 13 juin, le condamnant \u00e0 3 jours de &hellip; <a href=\"https:\/\/montreux-vieux.net\/?page_id=21847\">Continuer la lecture <span class=\"meta-nav\">&rarr;<\/span><\/a><\/p>\n","protected":false},"author":1,"featured_media":0,"parent":21303,"menu_order":105,"comment_status":"closed","ping_status":"open","template":"","meta":{"footnotes":""},"class_list":["post-21847","page","type-page","status-publish","hentry"],"_links":{"self":[{"href":"https:\/\/montreux-vieux.net\/index.php?rest_route=\/wp\/v2\/pages\/21847","targetHints":{"allow":["GET"]}}],"collection":[{"href":"https:\/\/montreux-vieux.net\/index.php?rest_route=\/wp\/v2\/pages"}],"about":[{"href":"https:\/\/montreux-vieux.net\/index.php?rest_route=\/wp\/v2\/types\/page"}],"author":[{"embeddable":true,"href":"https:\/\/montreux-vieux.net\/index.php?rest_route=\/wp\/v2\/users\/1"}],"replies":[{"embeddable":true,"href":"https:\/\/montreux-vieux.net\/index.php?rest_route=%2Fwp%2Fv2%2Fcomments&post=21847"}],"version-history":[{"count":1,"href":"https:\/\/montreux-vieux.net\/index.php?rest_route=\/wp\/v2\/pages\/21847\/revisions"}],"predecessor-version":[{"id":21849,"href":"https:\/\/montreux-vieux.net\/index.php?rest_route=\/wp\/v2\/pages\/21847\/revisions\/21849"}],"up":[{"embeddable":true,"href":"https:\/\/montreux-vieux.net\/index.php?rest_route=\/wp\/v2\/pages\/21303"}],"wp:attachment":[{"href":"https:\/\/montreux-vieux.net\/index.php?rest_route=%2Fwp%2Fv2%2Fmedia&parent=21847"}],"curies":[{"name":"wp","href":"https:\/\/api.w.org\/{rel}","templated":true}]}}