{"id":21891,"date":"2020-11-04T11:00:50","date_gmt":"2020-11-04T10:00:50","guid":{"rendered":"https:\/\/montreux-vieux.net\/?page_id=21891"},"modified":"2020-11-04T11:00:50","modified_gmt":"2020-11-04T10:00:50","slug":"affaire-delictueuse-avec-un-ancien-maire","status":"publish","type":"page","link":"https:\/\/montreux-vieux.net\/?page_id=21891","title":{"rendered":"Affaire d\u00e9lictueuse avec un ancien maire"},"content":{"rendered":"\n<p>Les travaux du viaduc entre Dannemarie et Retzwiller, qui avaient \u00e9t\u00e9 retard\u00e9s par suite de la &nbsp;crise du ciment, seront enfin termin\u00e9s ce mois. Il n est pas trop t\u00f4t que viaduc soit rendu \u00e0 la circulation et que dol\u00e9ances des voyageurs prennent une fin. Le viaduc entre Dannemarie et Ballersdorf &nbsp;est &nbsp;termin\u00e9 depuis quelque temps.<\/p>\n\n\n\n<p>Il n\u2019est, bruit ici que d\u2019une affaire d\u00e9lictueuse dans Laquelle seraient compromises plusieurs personnes, entre autre un ancien maire de Montreux-Vieux. On a d\u00e9couvert des documents qui prouveraient que ces personnes se sont livr\u00e9es \u00e0 des actes criminels sur le Territoire de Belfort en 1914, au d\u00e9but des hostilit\u00e9s. L instruction n\u2019est pas close.<\/p>\n\n\n\n<p>Sources&nbsp;: L\u2019Express de Mulhouse 21 janvier 1920<\/p>\n","protected":false},"excerpt":{"rendered":"<p>Les travaux du viaduc entre Dannemarie et Retzwiller, qui avaient \u00e9t\u00e9 retard\u00e9s par suite de la &nbsp;crise du ciment, seront enfin termin\u00e9s ce mois. Il n est pas trop t\u00f4t que viaduc soit rendu \u00e0 la circulation et que dol\u00e9ances &hellip; <a href=\"https:\/\/montreux-vieux.net\/?page_id=21891\">Continuer la lecture <span class=\"meta-nav\">&rarr;<\/span><\/a><\/p>\n","protected":false},"author":1,"featured_media":0,"parent":21303,"menu_order":110,"comment_status":"closed","ping_status":"open","template":"","meta":{"footnotes":""},"class_list":["post-21891","page","type-page","status-publish","hentry"],"_links":{"self":[{"href":"https:\/\/montreux-vieux.net\/index.php?rest_route=\/wp\/v2\/pages\/21891","targetHints":{"allow":["GET"]}}],"collection":[{"href":"https:\/\/montreux-vieux.net\/index.php?rest_route=\/wp\/v2\/pages"}],"about":[{"href":"https:\/\/montreux-vieux.net\/index.php?rest_route=\/wp\/v2\/types\/page"}],"author":[{"embeddable":true,"href":"https:\/\/montreux-vieux.net\/index.php?rest_route=\/wp\/v2\/users\/1"}],"replies":[{"embeddable":true,"href":"https:\/\/montreux-vieux.net\/index.php?rest_route=%2Fwp%2Fv2%2Fcomments&post=21891"}],"version-history":[{"count":1,"href":"https:\/\/montreux-vieux.net\/index.php?rest_route=\/wp\/v2\/pages\/21891\/revisions"}],"predecessor-version":[{"id":21892,"href":"https:\/\/montreux-vieux.net\/index.php?rest_route=\/wp\/v2\/pages\/21891\/revisions\/21892"}],"up":[{"embeddable":true,"href":"https:\/\/montreux-vieux.net\/index.php?rest_route=\/wp\/v2\/pages\/21303"}],"wp:attachment":[{"href":"https:\/\/montreux-vieux.net\/index.php?rest_route=%2Fwp%2Fv2%2Fmedia&parent=21891"}],"curies":[{"name":"wp","href":"https:\/\/api.w.org\/{rel}","templated":true}]}}