{"id":21894,"date":"2020-11-04T11:14:13","date_gmt":"2020-11-04T10:14:13","guid":{"rendered":"https:\/\/montreux-vieux.net\/?page_id=21894"},"modified":"2020-11-04T11:14:13","modified_gmt":"2020-11-04T10:14:13","slug":"expeditions-de-fleurs-et-volaille","status":"publish","type":"page","link":"https:\/\/montreux-vieux.net\/?page_id=21894","title":{"rendered":"Exp\u00e9ditions de fleurs  et volaille"},"content":{"rendered":"\n<p>&nbsp;Montreux-Vieux, 1\u201d ao\u00fbt. \u2014 Les exp\u00e9ditions de fleurs et de fruits du Midi prennent tous les ans plus d\u2019extension et il arrive que tous les jours passent des wagons complets de ces envois \u00e0 destination de Berlin, Hambourg et Br\u00e8me. C\u2019est \u00e0 pr\u00e9sent le tour des raisins de table. Afin d\u2019en h\u00e2ter l\u2019arriv\u00e9e on accroche les wagons aux trains de voyageurs. Le transit de la volaille est \u00e9galement consid\u00e9rable. Nombre d\u2019envois sont destin\u00e9s \u00e0 l\u2019Allemagne du sud.<\/p>\n\n\n\n<p>Sources&nbsp;: Express 2 ao\u00fbt 1901<\/p>\n","protected":false},"excerpt":{"rendered":"<p>&nbsp;Montreux-Vieux, 1\u201d ao\u00fbt. \u2014 Les exp\u00e9ditions de fleurs et de fruits du Midi prennent tous les ans plus d\u2019extension et il arrive que tous les jours passent des wagons complets de ces envois \u00e0 destination de Berlin, Hambourg et Br\u00e8me. &hellip; <a href=\"https:\/\/montreux-vieux.net\/?page_id=21894\">Continuer la lecture <span class=\"meta-nav\">&rarr;<\/span><\/a><\/p>\n","protected":false},"author":1,"featured_media":0,"parent":13007,"menu_order":290,"comment_status":"closed","ping_status":"open","template":"","meta":{"footnotes":""},"class_list":["post-21894","page","type-page","status-publish","hentry"],"_links":{"self":[{"href":"https:\/\/montreux-vieux.net\/index.php?rest_route=\/wp\/v2\/pages\/21894","targetHints":{"allow":["GET"]}}],"collection":[{"href":"https:\/\/montreux-vieux.net\/index.php?rest_route=\/wp\/v2\/pages"}],"about":[{"href":"https:\/\/montreux-vieux.net\/index.php?rest_route=\/wp\/v2\/types\/page"}],"author":[{"embeddable":true,"href":"https:\/\/montreux-vieux.net\/index.php?rest_route=\/wp\/v2\/users\/1"}],"replies":[{"embeddable":true,"href":"https:\/\/montreux-vieux.net\/index.php?rest_route=%2Fwp%2Fv2%2Fcomments&post=21894"}],"version-history":[{"count":1,"href":"https:\/\/montreux-vieux.net\/index.php?rest_route=\/wp\/v2\/pages\/21894\/revisions"}],"predecessor-version":[{"id":21895,"href":"https:\/\/montreux-vieux.net\/index.php?rest_route=\/wp\/v2\/pages\/21894\/revisions\/21895"}],"up":[{"embeddable":true,"href":"https:\/\/montreux-vieux.net\/index.php?rest_route=\/wp\/v2\/pages\/13007"}],"wp:attachment":[{"href":"https:\/\/montreux-vieux.net\/index.php?rest_route=%2Fwp%2Fv2%2Fmedia&parent=21894"}],"curies":[{"name":"wp","href":"https:\/\/api.w.org\/{rel}","templated":true}]}}