{"id":21897,"date":"2020-11-04T11:24:52","date_gmt":"2020-11-04T10:24:52","guid":{"rendered":"https:\/\/montreux-vieux.net\/?page_id=21897"},"modified":"2020-11-04T11:24:52","modified_gmt":"2020-11-04T10:24:52","slug":"officiers-allemands-au-bord-de-la-frontiere","status":"publish","type":"page","link":"https:\/\/montreux-vieux.net\/?page_id=21897","title":{"rendered":"Officiers allemands au bord de la fronti\u00e8re"},"content":{"rendered":"\n<p>\u00a0Belfort, 3 mai. Trois officiers allemands venant de Mulhouse et descendus \u00e0 la gare de Montreux-Vieux, ont \u00e9t\u00e9 vus s&rsquo;avan\u00e7ant jusqu&rsquo;au pont qui traverse la rivi\u00e8re de Saint-Nicolas. Au bord de cette rivi\u00e8re qui forme la fronti\u00e8re franco-alsacienne, ces officiers d\u00e9ploy\u00e8rent une carte g\u00e9ographique et crayonn\u00e8rent quelques notes a l&rsquo;abri d&rsquo;un buisson. Ils reprirent ensuit le chemin de Montreux-Vieux.<\/p>\n\n\n\n<p>Sources&nbsp;: Le Petit Parisien 4 mai 1894<\/p>\n","protected":false},"excerpt":{"rendered":"<p>\u00a0Belfort, 3 mai. Trois officiers allemands venant de Mulhouse et descendus \u00e0 la gare de Montreux-Vieux, ont \u00e9t\u00e9 vus s&rsquo;avan\u00e7ant jusqu&rsquo;au pont qui traverse la rivi\u00e8re de Saint-Nicolas. Au bord de cette rivi\u00e8re qui forme la fronti\u00e8re franco-alsacienne, ces officiers &hellip; <a href=\"https:\/\/montreux-vieux.net\/?page_id=21897\">Continuer la lecture <span class=\"meta-nav\">&rarr;<\/span><\/a><\/p>\n","protected":false},"author":1,"featured_media":0,"parent":12673,"menu_order":210,"comment_status":"closed","ping_status":"open","template":"","meta":{"footnotes":""},"class_list":["post-21897","page","type-page","status-publish","hentry"],"_links":{"self":[{"href":"https:\/\/montreux-vieux.net\/index.php?rest_route=\/wp\/v2\/pages\/21897","targetHints":{"allow":["GET"]}}],"collection":[{"href":"https:\/\/montreux-vieux.net\/index.php?rest_route=\/wp\/v2\/pages"}],"about":[{"href":"https:\/\/montreux-vieux.net\/index.php?rest_route=\/wp\/v2\/types\/page"}],"author":[{"embeddable":true,"href":"https:\/\/montreux-vieux.net\/index.php?rest_route=\/wp\/v2\/users\/1"}],"replies":[{"embeddable":true,"href":"https:\/\/montreux-vieux.net\/index.php?rest_route=%2Fwp%2Fv2%2Fcomments&post=21897"}],"version-history":[{"count":1,"href":"https:\/\/montreux-vieux.net\/index.php?rest_route=\/wp\/v2\/pages\/21897\/revisions"}],"predecessor-version":[{"id":21898,"href":"https:\/\/montreux-vieux.net\/index.php?rest_route=\/wp\/v2\/pages\/21897\/revisions\/21898"}],"up":[{"embeddable":true,"href":"https:\/\/montreux-vieux.net\/index.php?rest_route=\/wp\/v2\/pages\/12673"}],"wp:attachment":[{"href":"https:\/\/montreux-vieux.net\/index.php?rest_route=%2Fwp%2Fv2%2Fmedia&parent=21897"}],"curies":[{"name":"wp","href":"https:\/\/api.w.org\/{rel}","templated":true}]}}