{"id":21939,"date":"2020-11-05T15:30:57","date_gmt":"2020-11-05T14:30:57","guid":{"rendered":"https:\/\/montreux-vieux.net\/?page_id=21939"},"modified":"2020-11-05T15:32:30","modified_gmt":"2020-11-05T14:32:30","slug":"les-troupes-en-cantonnement-a-montreux-vieux","status":"publish","type":"page","link":"https:\/\/montreux-vieux.net\/?page_id=21939","title":{"rendered":"Les troupes en cantonnement \u00e0 Montreux-Vieux"},"content":{"rendered":"\n<p>MONTREUX-VIEUX Chez les troupes en cantonnement. Depuis quelques semaines notre localit\u00e9 h\u00e9bergeait dans ses granges la 7e compagnie du 60e R. I. de Besan\u00e7on, envoy\u00e9e dans la r\u00e9gion pour renforcer la ceinture frontali\u00e8re. Or, vendredi matin, les fantassins ont quitt\u00e9 le cantonnement pour se rendre au Valdahon, o\u00f9 se d\u00e9rouleront les derni\u00e8res manoeuvres auxquelles participera la classe lib\u00e9rale en juillet. Mais d\u00e9j\u00e0 l\u2019on pourvoit \u00e0 son remplacement. N\u2019annonce-t-on pas la venue d\u2019un fort d\u00e9tachement du \u00a08<sup>\u00e8me<\/sup> \u00a0tirailleurs marocains, ainsi que d\u2019une batterie d\u2019artilleurs du 28 e R. A. de Belfort.<\/p>\n\n\n\n<p>Sources&nbsp;: L\u2019Express de Mulhouse 16 juin 1935<\/p>\n","protected":false},"excerpt":{"rendered":"<p>MONTREUX-VIEUX Chez les troupes en cantonnement. Depuis quelques semaines notre localit\u00e9 h\u00e9bergeait dans ses granges la 7e compagnie du 60e R. I. de Besan\u00e7on, envoy\u00e9e dans la r\u00e9gion pour renforcer la ceinture frontali\u00e8re. Or, vendredi matin, les fantassins ont quitt\u00e9 &hellip; <a href=\"https:\/\/montreux-vieux.net\/?page_id=21939\">Continuer la lecture <span class=\"meta-nav\">&rarr;<\/span><\/a><\/p>\n","protected":false},"author":1,"featured_media":0,"parent":13095,"menu_order":245,"comment_status":"closed","ping_status":"open","template":"","meta":{"footnotes":""},"class_list":["post-21939","page","type-page","status-publish","hentry"],"_links":{"self":[{"href":"https:\/\/montreux-vieux.net\/index.php?rest_route=\/wp\/v2\/pages\/21939","targetHints":{"allow":["GET"]}}],"collection":[{"href":"https:\/\/montreux-vieux.net\/index.php?rest_route=\/wp\/v2\/pages"}],"about":[{"href":"https:\/\/montreux-vieux.net\/index.php?rest_route=\/wp\/v2\/types\/page"}],"author":[{"embeddable":true,"href":"https:\/\/montreux-vieux.net\/index.php?rest_route=\/wp\/v2\/users\/1"}],"replies":[{"embeddable":true,"href":"https:\/\/montreux-vieux.net\/index.php?rest_route=%2Fwp%2Fv2%2Fcomments&post=21939"}],"version-history":[{"count":2,"href":"https:\/\/montreux-vieux.net\/index.php?rest_route=\/wp\/v2\/pages\/21939\/revisions"}],"predecessor-version":[{"id":21942,"href":"https:\/\/montreux-vieux.net\/index.php?rest_route=\/wp\/v2\/pages\/21939\/revisions\/21942"}],"up":[{"embeddable":true,"href":"https:\/\/montreux-vieux.net\/index.php?rest_route=\/wp\/v2\/pages\/13095"}],"wp:attachment":[{"href":"https:\/\/montreux-vieux.net\/index.php?rest_route=%2Fwp%2Fv2%2Fmedia&parent=21939"}],"curies":[{"name":"wp","href":"https:\/\/api.w.org\/{rel}","templated":true}]}}