{"id":2432,"date":"2011-11-16T08:50:58","date_gmt":"2011-11-16T07:50:58","guid":{"rendered":"http:\/\/montreux-vieux.org\/?page_id=2432"},"modified":"2020-10-25T10:44:30","modified_gmt":"2020-10-25T09:44:30","slug":"distribution-de-jouets","status":"publish","type":"page","link":"https:\/\/montreux-vieux.net\/?page_id=2432","title":{"rendered":"Distribution de jouets"},"content":{"rendered":"<h3 style=\"text-align: center;\"><span style=\"color: #000000;\">Distribution de jouets<\/span><\/h3>\n<h4 style=\"text-align: justify;\"><span style=\"color: #000000;\">13-01-1915<\/span><\/h4>\n<h4 style=\"text-align: justify;\"><span style=\"color: #000000;\">Les membres du Conseil Municipal de la commune de Montreux-Vieux (Alsace), r\u00e9unis en s\u00e9ance extraordinaire, sous la pr\u00e9sidence de leur adjoint, adressent leurs remerciements \u00e0 leurs coll\u00e8gues du conseil municipal de Paris, en particulier \u00e0 M. Mithouard, pour les beaux jouets distribu\u00e9s aux enfants des \u00e9coles fran\u00e7aises de Montreux-Vieux, au cours de la f\u00eate scolaire du 5 janvier 1915<\/span><\/h4>\n<h4 style=\"text-align: justify;\"><span style=\"color: #000000;\">Sign\u00e9\u00a0: l\u2019adjoint Gautherat<\/span><\/h4>\n<p>Un Conseil municipal d&rsquo;Alsace au Conseil municipal de Paris Le 7 janvier, les membres du Conseil municipal de Montreux-Vieux (Alsace), ont pris une d\u00e9lib\u00e9ration, remerciant leurs coll\u00e8gues du Conseil municipal de Paris, en particulier M. Mithouard, pr\u00e9sident, pour tes beaux jouets distribu\u00e9s aux enfants des \u00e9coles fran\u00e7aises de Montreux-Vieux, dans la f\u00eate scolaire au 6 janvier.<\/p>\n<p>Sources\u00a0: La Croix 14 janvier 1915<\/p>\n","protected":false},"excerpt":{"rendered":"<p>Distribution de jouets 13-01-1915 Les membres du Conseil Municipal de la commune de Montreux-Vieux (Alsace), r\u00e9unis en s\u00e9ance extraordinaire, sous la pr\u00e9sidence de leur adjoint, adressent leurs remerciements \u00e0 leurs coll\u00e8gues du conseil municipal de Paris, en particulier \u00e0 M. &hellip; <a href=\"https:\/\/montreux-vieux.net\/?page_id=2432\">Continuer la lecture <span class=\"meta-nav\">&rarr;<\/span><\/a><\/p>\n","protected":false},"author":1,"featured_media":0,"parent":12673,"menu_order":50,"comment_status":"open","ping_status":"open","template":"","meta":{"footnotes":""},"class_list":["post-2432","page","type-page","status-publish","hentry"],"_links":{"self":[{"href":"https:\/\/montreux-vieux.net\/index.php?rest_route=\/wp\/v2\/pages\/2432","targetHints":{"allow":["GET"]}}],"collection":[{"href":"https:\/\/montreux-vieux.net\/index.php?rest_route=\/wp\/v2\/pages"}],"about":[{"href":"https:\/\/montreux-vieux.net\/index.php?rest_route=\/wp\/v2\/types\/page"}],"author":[{"embeddable":true,"href":"https:\/\/montreux-vieux.net\/index.php?rest_route=\/wp\/v2\/users\/1"}],"replies":[{"embeddable":true,"href":"https:\/\/montreux-vieux.net\/index.php?rest_route=%2Fwp%2Fv2%2Fcomments&post=2432"}],"version-history":[{"count":5,"href":"https:\/\/montreux-vieux.net\/index.php?rest_route=\/wp\/v2\/pages\/2432\/revisions"}],"predecessor-version":[{"id":21719,"href":"https:\/\/montreux-vieux.net\/index.php?rest_route=\/wp\/v2\/pages\/2432\/revisions\/21719"}],"up":[{"embeddable":true,"href":"https:\/\/montreux-vieux.net\/index.php?rest_route=\/wp\/v2\/pages\/12673"}],"wp:attachment":[{"href":"https:\/\/montreux-vieux.net\/index.php?rest_route=%2Fwp%2Fv2%2Fmedia&parent=2432"}],"curies":[{"name":"wp","href":"https:\/\/api.w.org\/{rel}","templated":true}]}}